{"id":6930,"date":"2024-02-02T15:03:40","date_gmt":"2024-02-02T14:03:40","guid":{"rendered":"http:\/\/www.snepfsu-amiens.net\/amiens\/?page_id=6930"},"modified":"2024-02-02T15:03:40","modified_gmt":"2024-02-02T14:03:40","slug":"manif-du-15-mars-2024-a-paris","status":"publish","type":"page","link":"https:\/\/snepfsu-amiens.net\/index.php\/manif-du-15-mars-2024-a-paris\/","title":{"rendered":"MANIF du 15 Mars 2024 \u00e0 Paris"},"content":{"rendered":"<p>Grande journ\u00e9e de gr\u00e8ve et manifestation \u00e0 Paris le 15 Mars 2024 pour gagner les 4H d&rsquo;EPS \u00e0 tous les niveaux de la scolarit\u00e9.<\/p>\n<p>Le SNEP-FSU Amiens prend en charge votre billet de train Aller-retour depuis la Picardie. (N&rsquo;achetez pas votre billet de train tout de suite, on vous donnera les infos pour que vous puissiez payer le moins cher possible (Carte TER HDF ou tarif mini et de groupe de la SNCF)Remboursement \u00e0 post\u00e9riori sur envoi du billet \u00e0 notre tr\u00e9sori\u00e8re acad\u00e9mique)<\/p>\n<p>Sur place le Snep-FSU national a pr\u00e9vu d&rsquo;offrir les sandwichs et boissons\u00a0<\/p>\n<p>les modalit\u00e9s d&rsquo;organisation, les horaires de train etc&#8230; vous seront envoy\u00e9s quelques jours avant l&rsquo;\u00e9v\u00e8nement.<\/p>\n<p>Remplissez le formulaire ci-dessous :<\/p>\n<p>[ninja_form id=3]<\/p>\n","protected":false},"excerpt":{"rendered":"<p>Grande journ\u00e9e de gr\u00e8ve et manifestation \u00e0 Paris le 15 Mars 2024 pour gagner les 4H d&rsquo;EPS \u00e0 tous les<\/p>\n","protected":false},"author":1,"featured_media":0,"parent":0,"menu_order":0,"comment_status":"closed","ping_status":"closed","template":"","meta":{"colormag_page_container_layout":"default_layout","colormag_page_sidebar_layout":"default_layout","footnotes":""},"class_list":["post-6930","page","type-page","status-publish","hentry"],"_links":{"self":[{"href":"https:\/\/snepfsu-amiens.net\/index.php\/wp-json\/wp\/v2\/pages\/6930","targetHints":{"allow":["GET"]}}],"collection":[{"href":"https:\/\/snepfsu-amiens.net\/index.php\/wp-json\/wp\/v2\/pages"}],"about":[{"href":"https:\/\/snepfsu-amiens.net\/index.php\/wp-json\/wp\/v2\/types\/page"}],"author":[{"embeddable":true,"href":"https:\/\/snepfsu-amiens.net\/index.php\/wp-json\/wp\/v2\/users\/1"}],"replies":[{"embeddable":true,"href":"https:\/\/snepfsu-amiens.net\/index.php\/wp-json\/wp\/v2\/comments?post=6930"}],"version-history":[{"count":0,"href":"https:\/\/snepfsu-amiens.net\/index.php\/wp-json\/wp\/v2\/pages\/6930\/revisions"}],"wp:attachment":[{"href":"https:\/\/snepfsu-amiens.net\/index.php\/wp-json\/wp\/v2\/media?parent=6930"}],"curies":[{"name":"wp","href":"https:\/\/api.w.org\/{rel}","templated":true}]}}

MANIF du 15 Mars 2024 à Paris

<p>Grande journée de grève et manifestation à Paris le 15 Mars 2024 pour gagner les 4H d&rsquo;EPS à tous les niveaux de la scolarité.</p>
<p>Le SNEP-FSU Amiens prend en charge votre billet de train Aller-retour depuis la Picardie. (N&rsquo;achetez pas votre billet de train tout de suite, on vous donnera les infos pour que vous puissiez payer le moins cher possible (Carte TER HDF ou tarif mini et de groupe de la SNCF)Remboursement à postériori sur envoi du billet à notre trésorière académique)</p>
<p>Sur place le Snep-FSU national a prévu d&rsquo;offrir les sandwichs et boissons </p>
<p>les modalités d&rsquo;organisation, les horaires de train etc&#8230; vous seront envoyés quelques jours avant l&rsquo;évènement.</p>
<p>Remplissez le formulaire ci-dessous :</p>
<p>[ninja_form id=3]</p>

<p>Grande journée de grève et manifestation à Paris le 15 Mars 2024 pour gagner les 4H d&rsquo;EPS à tous les</p>
