{"id":6882,"date":"2024-01-14T10:26:53","date_gmt":"2024-01-14T09:26:53","guid":{"rendered":"http:\/\/www.snepfsu-amiens.net\/amiens\/?page_id=6882"},"modified":"2024-01-14T10:26:53","modified_gmt":"2024-01-14T09:26:53","slug":"stage-savoir-cest-pouvoir","status":"publish","type":"page","link":"https:\/\/snepfsu-amiens.net\/index.php\/stage-savoir-cest-pouvoir\/","title":{"rendered":"Stage R\u00e9mun\u00e9rations, Carri\u00e8re, S\u00e9curit\u00e9 et Responsabilit\u00e9s"},"content":{"rendered":"<div>D\u00e9fendre et conforter la place de l&rsquo;EPS dans le syst\u00e8me scolaire, c&rsquo;est d\u00e9fendre le Statut d&rsquo;agent de la Fonction Publique et le m\u00e9tier de professeur d&rsquo;EPS.<\/div>\n<div>\u00a0<\/div>\n<div>Cette journ\u00e9e permettra d&rsquo;aborder et de d\u00e9battre ensemble sur les th\u00e8mes suivants:<\/div>\n<div>&#8211; le statut de prof d&rsquo;EPS, les droits, les devoirs<\/div>\n<div>&#8211; le salaire (indemnit\u00e9s, primes), les revendications du SNEP FSU<\/div>\n<div>&#8211; le d\u00e9roulement de carri\u00e8re (rdv de carri\u00e8re, \u00e9valuation, avancement d&rsquo;\u00e9chelon)<\/div>\n<div>&#8211; s\u00e9curit\u00e9 et responsabilit\u00e9s dans l&rsquo;exercice du m\u00e9tier<\/div>\n<p>Repas pris \u00e0 la cantine du coll\u00e8ge et pris en charge par le SNEP-FSU. Frais de d\u00e9placement rembours\u00e9s pour les syndiqu\u00e9s. Privil\u00e9giez le co-voiturage et le d\u00e9placement en train.\u00a0<\/p>\n","protected":false},"excerpt":{"rendered":"<p>D\u00e9fendre et conforter la place de l&rsquo;EPS dans le syst\u00e8me scolaire, c&rsquo;est d\u00e9fendre le Statut d&rsquo;agent de la Fonction Publique<\/p>\n","protected":false},"author":1,"featured_media":0,"parent":0,"menu_order":0,"comment_status":"closed","ping_status":"closed","template":"","meta":{"colormag_page_container_layout":"default_layout","colormag_page_sidebar_layout":"default_layout","footnotes":""},"class_list":["post-6882","page","type-page","status-publish","hentry"],"_links":{"self":[{"href":"https:\/\/snepfsu-amiens.net\/index.php\/wp-json\/wp\/v2\/pages\/6882","targetHints":{"allow":["GET"]}}],"collection":[{"href":"https:\/\/snepfsu-amiens.net\/index.php\/wp-json\/wp\/v2\/pages"}],"about":[{"href":"https:\/\/snepfsu-amiens.net\/index.php\/wp-json\/wp\/v2\/types\/page"}],"author":[{"embeddable":true,"href":"https:\/\/snepfsu-amiens.net\/index.php\/wp-json\/wp\/v2\/users\/1"}],"replies":[{"embeddable":true,"href":"https:\/\/snepfsu-amiens.net\/index.php\/wp-json\/wp\/v2\/comments?post=6882"}],"version-history":[{"count":0,"href":"https:\/\/snepfsu-amiens.net\/index.php\/wp-json\/wp\/v2\/pages\/6882\/revisions"}],"wp:attachment":[{"href":"https:\/\/snepfsu-amiens.net\/index.php\/wp-json\/wp\/v2\/media?parent=6882"}],"curies":[{"name":"wp","href":"https:\/\/api.w.org\/{rel}","templated":true}]}}

Stage Rémunérations, Carrière, Sécurité et Responsabilités

<div>Défendre et conforter la place de l&rsquo;EPS dans le système scolaire, c&rsquo;est défendre le Statut d&rsquo;agent de la Fonction Publique et le métier de professeur d&rsquo;EPS.</div>
<div> </div>
<div>Cette journée permettra d&rsquo;aborder et de débattre ensemble sur les thèmes suivants:</div>
<div>&#8211; le statut de prof d&rsquo;EPS, les droits, les devoirs</div>
<div>&#8211; le salaire (indemnités, primes), les revendications du SNEP FSU</div>
<div>&#8211; le déroulement de carrière (rdv de carrière, évaluation, avancement d&rsquo;échelon)</div>
<div>&#8211; sécurité et responsabilités dans l&rsquo;exercice du métier</div>
<p>Repas pris à la cantine du collège et pris en charge par le SNEP-FSU. Frais de déplacement remboursés pour les syndiqués. Privilégiez le co-voiturage et le déplacement en train. </p>

<p>Défendre et conforter la place de l&rsquo;EPS dans le système scolaire, c&rsquo;est défendre le Statut d&rsquo;agent de la Fonction Publique</p>
