{"id":6869,"date":"2024-01-13T16:21:56","date_gmt":"2024-01-13T15:21:56","guid":{"rendered":"http:\/\/www.snepfsu-amiens.net\/amiens\/?page_id=6869"},"modified":"2024-01-13T16:21:56","modified_gmt":"2024-01-13T15:21:56","slug":"stage-course-dorientation","status":"publish","type":"page","link":"https:\/\/snepfsu-amiens.net\/index.php\/stage-course-dorientation\/","title":{"rendered":"Stage Course d&rsquo;Orientation"},"content":{"rendered":"<p>Anim\u00e9 par Franck Tack et Yohann Dhedin, sp\u00e9cialistes de Co et de raid multisport, venez d\u00e9couvrir en th\u00e9orie et en pratique la course d&rsquo;orientation, en milieu scolaire et forestier.<br \/>\nVenez avec vos questions, vos cartes, vos situations &#8230;<\/p>\n<p>\nPrendre une tenue adapt\u00e9e \u00e0 la m\u00e9t\u00e9o du jour pour pratiquer.<\/p>\n<p>Repas pris \u00e0 la cantine du coll\u00e8ge et pris en charge par le SNEP-FSU. Frais de d\u00e9placement rembours\u00e9s pour les syndiqu\u00e9s. Privil\u00e9giez le co-voiturage et le d\u00e9placement en train. (Gare \u00e0 700m du coll\u00e8ge)<\/p>\n","protected":false},"excerpt":{"rendered":"<p>Anim\u00e9 par Franck Tack et Yohann Dhedin, sp\u00e9cialistes de Co et de raid multisport, venez d\u00e9couvrir en th\u00e9orie et en<\/p>\n","protected":false},"author":1,"featured_media":0,"parent":0,"menu_order":0,"comment_status":"closed","ping_status":"closed","template":"","meta":{"colormag_page_container_layout":"default_layout","colormag_page_sidebar_layout":"default_layout","footnotes":""},"class_list":["post-6869","page","type-page","status-publish","hentry"],"_links":{"self":[{"href":"https:\/\/snepfsu-amiens.net\/index.php\/wp-json\/wp\/v2\/pages\/6869","targetHints":{"allow":["GET"]}}],"collection":[{"href":"https:\/\/snepfsu-amiens.net\/index.php\/wp-json\/wp\/v2\/pages"}],"about":[{"href":"https:\/\/snepfsu-amiens.net\/index.php\/wp-json\/wp\/v2\/types\/page"}],"author":[{"embeddable":true,"href":"https:\/\/snepfsu-amiens.net\/index.php\/wp-json\/wp\/v2\/users\/1"}],"replies":[{"embeddable":true,"href":"https:\/\/snepfsu-amiens.net\/index.php\/wp-json\/wp\/v2\/comments?post=6869"}],"version-history":[{"count":0,"href":"https:\/\/snepfsu-amiens.net\/index.php\/wp-json\/wp\/v2\/pages\/6869\/revisions"}],"wp:attachment":[{"href":"https:\/\/snepfsu-amiens.net\/index.php\/wp-json\/wp\/v2\/media?parent=6869"}],"curies":[{"name":"wp","href":"https:\/\/api.w.org\/{rel}","templated":true}]}}

<p>Animé par Franck Tack et Yohann Dhedin, spécialistes de Co et de raid multisport, venez découvrir en théorie et en pratique la course d&rsquo;orientation, en milieu scolaire et forestier.<br />
Venez avec vos questions, vos cartes, vos situations &#8230;</p>
<p>
Prendre une tenue adaptée à la météo du jour pour pratiquer.</p>
<p>Repas pris à la cantine du collège et pris en charge par le SNEP-FSU. Frais de déplacement remboursés pour les syndiqués. Privilégiez le co-voiturage et le déplacement en train. (Gare à 700m du collège)</p>

<p>Animé par Franck Tack et Yohann Dhedin, spécialistes de Co et de raid multisport, venez découvrir en théorie et en</p>
