{"id":6862,"date":"2024-01-13T16:03:21","date_gmt":"2024-01-13T15:03:21","guid":{"rendered":"http:\/\/www.snepfsu-amiens.net\/amiens\/?page_id=6862"},"modified":"2024-01-13T16:03:21","modified_gmt":"2024-01-13T15:03:21","slug":"stage-intra-2024","status":"publish","type":"page","link":"https:\/\/snepfsu-amiens.net\/index.php\/stage-intra-2024\/","title":{"rendered":"Stage Intra 2024"},"content":{"rendered":"<p>Tout comprendre de la circulaire acad\u00e9mique pour muter \u00e0 l&rsquo;int\u00e9rieur de l&rsquo;acad\u00e9mie d&rsquo;Amiens.\u00a0<br \/>\nLes militants du Snep-Fsu Amiens partageront leur exp\u00e9rience des mouvements intra acad\u00e9miques ant\u00e9rieurs et r\u00e9pondront \u00e0 vos questions.<\/p>\n<p>Stage extr\u00eamement int\u00e9ressant pour les stagiaires car ils doivent obligatoirement participer au mouvement intra acad\u00e9mique.<\/p>\n<p>Repas pris \u00e0 la cantine du coll\u00e8ge et pris en charge par le SNEP-FSU. Frais de d\u00e9placement rembours\u00e9s pour les syndiqu\u00e9s. Privil\u00e9giez le co-voiturage et le d\u00e9placement en train. (Gare \u00e0 200m du coll\u00e8ge)<\/p>\n","protected":false},"excerpt":{"rendered":"<p>Tout comprendre de la circulaire acad\u00e9mique pour muter \u00e0 l&rsquo;int\u00e9rieur de l&rsquo;acad\u00e9mie d&rsquo;Amiens.\u00a0 Les militants du Snep-Fsu Amiens partageront leur<\/p>\n","protected":false},"author":1,"featured_media":0,"parent":0,"menu_order":0,"comment_status":"closed","ping_status":"closed","template":"","meta":{"colormag_page_container_layout":"default_layout","colormag_page_sidebar_layout":"default_layout","footnotes":""},"class_list":["post-6862","page","type-page","status-publish","hentry"],"_links":{"self":[{"href":"https:\/\/snepfsu-amiens.net\/index.php\/wp-json\/wp\/v2\/pages\/6862","targetHints":{"allow":["GET"]}}],"collection":[{"href":"https:\/\/snepfsu-amiens.net\/index.php\/wp-json\/wp\/v2\/pages"}],"about":[{"href":"https:\/\/snepfsu-amiens.net\/index.php\/wp-json\/wp\/v2\/types\/page"}],"author":[{"embeddable":true,"href":"https:\/\/snepfsu-amiens.net\/index.php\/wp-json\/wp\/v2\/users\/1"}],"replies":[{"embeddable":true,"href":"https:\/\/snepfsu-amiens.net\/index.php\/wp-json\/wp\/v2\/comments?post=6862"}],"version-history":[{"count":0,"href":"https:\/\/snepfsu-amiens.net\/index.php\/wp-json\/wp\/v2\/pages\/6862\/revisions"}],"wp:attachment":[{"href":"https:\/\/snepfsu-amiens.net\/index.php\/wp-json\/wp\/v2\/media?parent=6862"}],"curies":[{"name":"wp","href":"https:\/\/api.w.org\/{rel}","templated":true}]}}

<p>Tout comprendre de la circulaire académique pour muter à l&rsquo;intérieur de l&rsquo;académie d&rsquo;Amiens. <br />
Les militants du Snep-Fsu Amiens partageront leur expérience des mouvements intra académiques antérieurs et répondront à vos questions.</p>
<p>Stage extrêmement intéressant pour les stagiaires car ils doivent obligatoirement participer au mouvement intra académique.</p>
<p>Repas pris à la cantine du collège et pris en charge par le SNEP-FSU. Frais de déplacement remboursés pour les syndiqués. Privilégiez le co-voiturage et le déplacement en train. (Gare à 200m du collège)</p>

<p>Tout comprendre de la circulaire académique pour muter à l&rsquo;intérieur de l&rsquo;académie d&rsquo;Amiens.  Les militants du Snep-Fsu Amiens partageront leur</p>
