{"id":6858,"date":"2024-01-13T15:47:28","date_gmt":"2024-01-13T14:47:28","guid":{"rendered":"http:\/\/www.snepfsu-amiens.net\/amiens\/?page_id=6858"},"modified":"2024-01-13T15:47:28","modified_gmt":"2024-01-13T14:47:28","slug":"stage-ecologie-et-eps","status":"publish","type":"page","link":"https:\/\/snepfsu-amiens.net\/index.php\/stage-ecologie-et-eps\/","title":{"rendered":"Stage Ecologie et EPS"},"content":{"rendered":"<p>Mat\u00e9riel \/ Installations \/ Transports \/ APSA \/ Programmes&#8230;.<\/p>\n<p>Passons au filtre \u00e9cologique nos pratiques professionnelles pour bifurquer consciemment plut\u00f4t que subir dans l&rsquo;urgence.<br \/>\nR\u00e9duire notre impact sur la plan\u00e8te (consommation de ressources, d&rsquo;\u00e9nergie&#8230;), nous adapter et pr\u00e9parer les \u00e9l\u00e8ves d&rsquo;aujourd&rsquo;hui et les citoyens de demain aux d\u00e9fis du changement climatique.<\/p>\n<p>Un stage de constats, prise de conscience, \u00e9changes, pistes de solutions. Nous ne d\u00e9tenons pas les solutions miracles mais nous avons la volont\u00e9 d&rsquo;avoir prise sur notre destin commun, personnel et professionnel.<\/p>\n<p>Vous faites \u00ab\u00a0des trucs\u00a0\u00bb personnellement, avec vos \u00e9l\u00e8ves, dans votre \u00e9quipe EPS et\/ou votre \u00e9tablissement, venez partager votre exp\u00e9rience et vous nourrir de celle des autres.<\/p>\n<p>Repas pris \u00e0 la cantine du coll\u00e8ge et pris en charge par le SNEP-FSU. Frais de d\u00e9placement rembours\u00e9s pour les syndiqu\u00e9s. Privil\u00e9giez le co-voiturage et le d\u00e9placement en train. (Gare \u00e0 200m du coll\u00e8ge)<\/p>\n<p><a href=\"https:\/\/lesite.snepfsu.fr\/wp-content\/uploads\/2021\/12\/texte-bifurcation-e%CC%81cologique_definitif.pdf\" target=\"_blank\" rel=\"noopener\">le texte Bifurcation \u00e9cologique du dernier congr\u00e8s du SNEP-FSU<\/a><\/p>\n<p><a href=\"https:\/\/lesite.snepfsu.fr\/wp-content\/uploads\/2023\/01\/RESET-L-ESSENTIEL-Web-decembre-2022.pdf\" target=\"_blank\" rel=\"noopener\">le r\u00e9f\u00e9rentiel RESET pour les gymnases \u00e0 r\u00e9nover<\/a><\/p>\n<p><a href=\"https:\/\/epsetsociete.fr\/\" target=\"_blank\" rel=\"noopener\">https:\/\/epsetsociete.fr\/<\/a><\/p>\n","protected":false},"excerpt":{"rendered":"<p>Mat\u00e9riel \/ Installations \/ Transports \/ APSA \/ Programmes&#8230;. Passons au filtre \u00e9cologique nos pratiques professionnelles pour bifurquer consciemment plut\u00f4t<\/p>\n","protected":false},"author":1,"featured_media":0,"parent":0,"menu_order":0,"comment_status":"closed","ping_status":"closed","template":"","meta":{"colormag_page_container_layout":"default_layout","colormag_page_sidebar_layout":"default_layout","footnotes":""},"class_list":["post-6858","page","type-page","status-publish","hentry"],"_links":{"self":[{"href":"https:\/\/snepfsu-amiens.net\/index.php\/wp-json\/wp\/v2\/pages\/6858","targetHints":{"allow":["GET"]}}],"collection":[{"href":"https:\/\/snepfsu-amiens.net\/index.php\/wp-json\/wp\/v2\/pages"}],"about":[{"href":"https:\/\/snepfsu-amiens.net\/index.php\/wp-json\/wp\/v2\/types\/page"}],"author":[{"embeddable":true,"href":"https:\/\/snepfsu-amiens.net\/index.php\/wp-json\/wp\/v2\/users\/1"}],"replies":[{"embeddable":true,"href":"https:\/\/snepfsu-amiens.net\/index.php\/wp-json\/wp\/v2\/comments?post=6858"}],"version-history":[{"count":0,"href":"https:\/\/snepfsu-amiens.net\/index.php\/wp-json\/wp\/v2\/pages\/6858\/revisions"}],"wp:attachment":[{"href":"https:\/\/snepfsu-amiens.net\/index.php\/wp-json\/wp\/v2\/media?parent=6858"}],"curies":[{"name":"wp","href":"https:\/\/api.w.org\/{rel}","templated":true}]}}

<p>Matériel / Installations / Transports / APSA / Programmes&#8230;.</p>
<p>Passons au filtre écologique nos pratiques professionnelles pour bifurquer consciemment plutôt que subir dans l&rsquo;urgence.<br />
Réduire notre impact sur la planète (consommation de ressources, d&rsquo;énergie&#8230;), nous adapter et préparer les élèves d&rsquo;aujourd&rsquo;hui et les citoyens de demain aux défis du changement climatique.</p>
<p>Un stage de constats, prise de conscience, échanges, pistes de solutions. Nous ne détenons pas les solutions miracles mais nous avons la volonté d&rsquo;avoir prise sur notre destin commun, personnel et professionnel.</p>
<p>Vous faites « des trucs » personnellement, avec vos élèves, dans votre équipe EPS et/ou votre établissement, venez partager votre expérience et vous nourrir de celle des autres.</p>
<p>Repas pris à la cantine du collège et pris en charge par le SNEP-FSU. Frais de déplacement remboursés pour les syndiqués. Privilégiez le co-voiturage et le déplacement en train. (Gare à 200m du collège)</p>
<p><a href="https://lesite.snepfsu.fr/wp-content/uploads/2021/12/texte-bifurcation-e%CC%81cologique_definitif.pdf" target="_blank" rel="noopener">le texte Bifurcation écologique du dernier congrès du SNEP-FSU</a></p>
<p><a href="https://lesite.snepfsu.fr/wp-content/uploads/2023/01/RESET-L-ESSENTIEL-Web-decembre-2022.pdf" target="_blank" rel="noopener">le référentiel RESET pour les gymnases à rénover</a></p>
<p><a href="https://epsetsociete.fr/" target="_blank" rel="noopener">https://epsetsociete.fr/</a></p>

<p>Matériel / Installations / Transports / APSA / Programmes&#8230;. Passons au filtre écologique nos pratiques professionnelles pour bifurquer consciemment plutôt</p>
