{"id":6725,"date":"2022-12-13T15:50:18","date_gmt":"2022-12-13T14:50:18","guid":{"rendered":"http:\/\/www.snepfsu-amiens.net\/amiens\/?page_id=6725"},"modified":"2022-12-13T15:50:18","modified_gmt":"2022-12-13T14:50:18","slug":"resultats-elections-professionnelles-2022","status":"publish","type":"page","link":"https:\/\/snepfsu-amiens.net\/index.php\/resultats-elections-professionnelles-2022\/","title":{"rendered":"R\u00e9sultats Elections Professionnelles 2022"},"content":{"rendered":"\t\t<div data-elementor-type=\"wp-page\" data-elementor-id=\"6725\" class=\"elementor elementor-6725 elementor-bc-flex-widget\">\n\t\t\t\t\t\t<section class=\"elementor-section elementor-top-section elementor-element elementor-element-f282160 elementor-section-boxed elementor-section-height-default elementor-section-height-default\" data-id=\"f282160\" data-element_type=\"section\" data-e-type=\"section\">\n\t\t\t\t\t\t<div class=\"elementor-container elementor-column-gap-default\">\n\t\t\t\t\t<div class=\"elementor-column elementor-col-100 elementor-top-column elementor-element elementor-element-8476c1e\" data-id=\"8476c1e\" data-element_type=\"column\" data-e-type=\"column\">\n\t\t\t<div class=\"elementor-widget-wrap elementor-element-populated\">\n\t\t\t\t\t\t<div class=\"elementor-element elementor-element-30e3208 elementor-widget elementor-widget-text-editor\" data-id=\"30e3208\" data-element_type=\"widget\" data-e-type=\"widget\" data-widget_type=\"text-editor.default\">\n\t\t\t\t\t\t\t\t\t<p>Dans l\u2019acad\u00e9mie, 53.4% des profs d\u2019EPS ont vot\u00e9, soit 10 points de plus en participation que la moyenne de l&rsquo;ensemble des personnels de l&rsquo;acad\u00e9mie. Bravo et Merci pour votre engagement .<br \/><br \/><strong>Les r\u00e9sultats des 2 votes concernant notre acad\u00e9mie\u00a0:<\/strong><br \/>.<strong> CSA<\/strong> (nouvelle appellation du CTA), il s\u2019agit du Comit\u00e9 Social d\u2019Administration<br \/><strong>La FSU obtient 4 si\u00e8ges<\/strong>, FO 2, UNSA 2, SNALC 1 et SGEN-CFDT 1 (Action D\u00e9mocratie 0, CGT\/SUD 0,<br \/>SNE 0)<br \/>C\u2019est le statu quo, la repr\u00e9sentation syndicale sera la m\u00eame que ces 4 derni\u00e8res ann\u00e9es<br \/><br \/>.<strong> CAPA 2nd degr\u00e9<\/strong> (l\u2019instance qui si\u00e8gera aux CAPA disciplinaires et recours)<br \/><strong>La FSU obtient 7 si\u00e8ges<\/strong> <strong>(dont 2 SNEP)<\/strong>, le SNALC 4, FO 3, UNSA 2, SGEN-CFDT 2, CGT-SUD 1 et CFE-<br \/>CGC 0<br \/><br \/>Si vous souhaitez davantage de d\u00e9tails et d&rsquo;informations sur le vote et ses r\u00e9sultats n&rsquo;h\u00e9sitez pas \u00e0 contacter Guillaume Ancelet au 0670361922<br \/><br \/><\/p>\n<p>MERCI<\/p>\t\t\t\t\t\t\t\t<\/div>\n\t\t\t\t\t<\/div>\n\t\t<\/div>\n\t\t\t\t\t<\/div>\n\t\t<\/section>\n\t\t\t\t<\/div>\n\t\t","protected":false},"excerpt":{"rendered":"<p>Dans l\u2019acad\u00e9mie, 53.4% des profs d\u2019EPS ont vot\u00e9, soit 10 points de plus en participation que la moyenne de l&rsquo;ensemble<\/p>\n","protected":false},"author":1,"featured_media":0,"parent":0,"menu_order":0,"comment_status":"closed","ping_status":"closed","template":"","meta":{"colormag_page_container_layout":"default_layout","colormag_page_sidebar_layout":"default_layout","footnotes":""},"class_list":["post-6725","page","type-page","status-publish","hentry"],"_links":{"self":[{"href":"https:\/\/snepfsu-amiens.net\/index.php\/wp-json\/wp\/v2\/pages\/6725","targetHints":{"allow":["GET"]}}],"collection":[{"href":"https:\/\/snepfsu-amiens.net\/index.php\/wp-json\/wp\/v2\/pages"}],"about":[{"href":"https:\/\/snepfsu-amiens.net\/index.php\/wp-json\/wp\/v2\/types\/page"}],"author":[{"embeddable":true,"href":"https:\/\/snepfsu-amiens.net\/index.php\/wp-json\/wp\/v2\/users\/1"}],"replies":[{"embeddable":true,"href":"https:\/\/snepfsu-amiens.net\/index.php\/wp-json\/wp\/v2\/comments?post=6725"}],"version-history":[{"count":0,"href":"https:\/\/snepfsu-amiens.net\/index.php\/wp-json\/wp\/v2\/pages\/6725\/revisions"}],"wp:attachment":[{"href":"https:\/\/snepfsu-amiens.net\/index.php\/wp-json\/wp\/v2\/media?parent=6725"}],"curies":[{"name":"wp","href":"https:\/\/api.w.org\/{rel}","templated":true}]}}

Résultats Elections Professionnelles 2022

<div data-elementor-type="wp-page" data-elementor-id="6725" class="elementor elementor-6725 elementor-bc-flex-widget">
						<section class="elementor-section elementor-top-section elementor-element elementor-element-f282160 elementor-section-boxed elementor-section-height-default elementor-section-height-default" data-id="f282160" data-element_type="section" data-e-type="section">
						<div class="elementor-container elementor-column-gap-default">
					<div class="elementor-column elementor-col-100 elementor-top-column elementor-element elementor-element-8476c1e" data-id="8476c1e" data-element_type="column" data-e-type="column">
			<div class="elementor-widget-wrap elementor-element-populated">
						<div class="elementor-element elementor-element-30e3208 elementor-widget elementor-widget-text-editor" data-id="30e3208" data-element_type="widget" data-e-type="widget" data-widget_type="text-editor.default">
									<p>Dans l’académie, 53.4% des profs d’EPS ont voté, soit 10 points de plus en participation que la moyenne de l&rsquo;ensemble des personnels de l&rsquo;académie. Bravo et Merci pour votre engagement .<br /><br /><strong>Les résultats des 2 votes concernant notre académie :</strong><br />.<strong> CSA</strong> (nouvelle appellation du CTA), il s’agit du Comité Social d’Administration<br /><strong>La FSU obtient 4 sièges</strong>, FO 2, UNSA 2, SNALC 1 et SGEN-CFDT 1 (Action Démocratie 0, CGT/SUD 0,<br />SNE 0)<br />C’est le statu quo, la représentation syndicale sera la même que ces 4 dernières années<br /><br />.<strong> CAPA 2nd degré</strong> (l’instance qui siègera aux CAPA disciplinaires et recours)<br /><strong>La FSU obtient 7 sièges</strong> <strong>(dont 2 SNEP)</strong>, le SNALC 4, FO 3, UNSA 2, SGEN-CFDT 2, CGT-SUD 1 et CFE-<br />CGC 0<br /><br />Si vous souhaitez davantage de détails et d&rsquo;informations sur le vote et ses résultats n&rsquo;hésitez pas à contacter Guillaume Ancelet au 0670361922<br /><br /></p>
<p>MERCI</p>								</div>
					</div>
		</div>
					</div>
		</section>
				</div>

<p>Dans l’académie, 53.4% des profs d’EPS ont voté, soit 10 points de plus en participation que la moyenne de l&rsquo;ensemble</p>
