{"id":6090,"date":"2021-09-13T14:27:39","date_gmt":"2021-09-13T13:27:39","guid":{"rendered":"http:\/\/www.snepfsu-amiens.net\/amiens\/?page_id=6090"},"modified":"2021-09-13T14:27:39","modified_gmt":"2021-09-13T13:27:39","slug":"sinscrire-au-stage-tzr-2024","status":"publish","type":"page","link":"https:\/\/snepfsu-amiens.net\/index.php\/sinscrire-au-stage-tzr-2024\/","title":{"rendered":"S&rsquo;inscrire au stage TZR 2024"},"content":{"rendered":"<div><span style=\"font-size: 14px;\">Que tu adh\u00e8res ou non au SNEP, tu es le(la) bienvenu(e).<br \/>\n<\/span><\/div>\n<div><span style=\"font-size: 14px;\">Pour participer, il faut remplir la<u>\u00a0demande d&rsquo;autorisation d&rsquo;absence<\/u>\u00a0et la d\u00e9poser aupr\u00e8s de ton secr\u00e9tariat\u00a0<u>un mois avant<\/u>, soit au plus tard le vendredi 13 septembre.\u00a0L&rsquo;autorisation te sera automatiquement accord\u00e9e (tu as le droit \u00e0 12 jours de formation syndicale dans l&rsquo;ann\u00e9e)<br \/>\n<\/span><\/div>\n<div><span style=\"font-size: 14px;\">Les th\u00e8mes abord\u00e9s: missions et service \/ frais de d\u00e9placement \/ indemnit\u00e9s \/ carri\u00e8re \/ enjeux autour des mutations.<br \/>\n<\/span><\/div>\n<div>\u00a0<\/div>\n<div><span style=\"font-size: 14px;\">Merci \u00e9galement de renseigner le Formulaire ci-dessous :<\/span><\/div>\n<div>\u00a0<\/div>\n<div><span style=\"font-size: 14px;\">Pour toutes informations compl\u00e9mentaires, n&rsquo;h\u00e9site pas \u00e0 contacter Sarah Vaillant\u00a0<a href=\"mailto:sarah.008@hotmail.fr\" target=\"_blank\" rel=\"noopener\">sarah.008@hotmail.fr<\/a>\u00a0ou Pamela Svetojevic\u00a0<a href=\"mailto:pamela.svetojevic@gmail.com\" target=\"_blank\" rel=\"noopener\">pamela.svetojevic@gmail.com<\/a><\/span><\/div>\n<p>[ninja_form id=19]<\/p>\n","protected":false},"excerpt":{"rendered":"<p>Que tu adh\u00e8res ou non au SNEP, tu es le(la) bienvenu(e). Pour participer, il faut remplir la\u00a0demande d&rsquo;autorisation d&rsquo;absence\u00a0et la<\/p>\n","protected":false},"author":1,"featured_media":0,"parent":0,"menu_order":0,"comment_status":"closed","ping_status":"closed","template":"","meta":{"colormag_page_container_layout":"default_layout","colormag_page_sidebar_layout":"default_layout","footnotes":""},"class_list":["post-6090","page","type-page","status-publish","hentry"],"_links":{"self":[{"href":"https:\/\/snepfsu-amiens.net\/index.php\/wp-json\/wp\/v2\/pages\/6090","targetHints":{"allow":["GET"]}}],"collection":[{"href":"https:\/\/snepfsu-amiens.net\/index.php\/wp-json\/wp\/v2\/pages"}],"about":[{"href":"https:\/\/snepfsu-amiens.net\/index.php\/wp-json\/wp\/v2\/types\/page"}],"author":[{"embeddable":true,"href":"https:\/\/snepfsu-amiens.net\/index.php\/wp-json\/wp\/v2\/users\/1"}],"replies":[{"embeddable":true,"href":"https:\/\/snepfsu-amiens.net\/index.php\/wp-json\/wp\/v2\/comments?post=6090"}],"version-history":[{"count":0,"href":"https:\/\/snepfsu-amiens.net\/index.php\/wp-json\/wp\/v2\/pages\/6090\/revisions"}],"wp:attachment":[{"href":"https:\/\/snepfsu-amiens.net\/index.php\/wp-json\/wp\/v2\/media?parent=6090"}],"curies":[{"name":"wp","href":"https:\/\/api.w.org\/{rel}","templated":true}]}}

<div><span style="font-size: 14px;">Que tu adhères ou non au SNEP, tu es le(la) bienvenu(e).<br />
</span></div>
<div><span style="font-size: 14px;">Pour participer, il faut remplir la<u> demande d&rsquo;autorisation d&rsquo;absence</u> et la déposer auprès de ton secrétariat <u>un mois avant</u>, soit au plus tard le vendredi 13 septembre. L&rsquo;autorisation te sera automatiquement accordée (tu as le droit à 12 jours de formation syndicale dans l&rsquo;année)<br />
</span></div>
<div><span style="font-size: 14px;">Les thèmes abordés: missions et service / frais de déplacement / indemnités / carrière / enjeux autour des mutations.<br />
</span></div>
<div> </div>
<div><span style="font-size: 14px;">Merci également de renseigner le Formulaire ci-dessous :</span></div>
<div> </div>
<div><span style="font-size: 14px;">Pour toutes informations complémentaires, n&rsquo;hésite pas à contacter Sarah Vaillant <a href="mailto:sarah.008@hotmail.fr" target="_blank" rel="noopener">sarah.008@hotmail.fr</a> ou Pamela Svetojevic <a href="mailto:pamela.svetojevic@gmail.com" target="_blank" rel="noopener">pamela.svetojevic@gmail.com</a></span></div>
<p>[ninja_form id=19]</p>

<p>Que tu adhères ou non au SNEP, tu es le(la) bienvenu(e). Pour participer, il faut remplir la demande d&rsquo;autorisation d&rsquo;absence et la</p>
