{"id":5995,"date":"2021-05-16T13:28:46","date_gmt":"2021-05-16T12:28:46","guid":{"rendered":"http:\/\/www.snepfsu-amiens.net\/amiens\/?page_id=5995"},"modified":"2021-05-16T13:28:46","modified_gmt":"2021-05-16T12:28:46","slug":"lettre-dinfos-mai-2021","status":"publish","type":"page","link":"https:\/\/snepfsu-amiens.net\/index.php\/lettre-dinfos-mai-2021\/","title":{"rendered":"Lettre d&rsquo;infos Mai 2021"},"content":{"rendered":"\t\t<div data-elementor-type=\"wp-page\" data-elementor-id=\"5995\" class=\"elementor elementor-5995 elementor-bc-flex-widget\">\n\t\t\t\t\t\t<section class=\"elementor-section elementor-top-section elementor-element elementor-element-5d534a8 elementor-section-boxed elementor-section-height-default elementor-section-height-default\" data-id=\"5d534a8\" data-element_type=\"section\" data-e-type=\"section\">\n\t\t\t\t\t\t<div class=\"elementor-container elementor-column-gap-default\">\n\t\t\t\t\t<div class=\"elementor-column elementor-col-100 elementor-top-column elementor-element elementor-element-168692f\" data-id=\"168692f\" data-element_type=\"column\" data-e-type=\"column\">\n\t\t\t<div class=\"elementor-widget-wrap elementor-element-populated\">\n\t\t\t\t\t\t<div class=\"elementor-element elementor-element-3248a2e elementor-widget elementor-widget-text-editor\" data-id=\"3248a2e\" data-element_type=\"widget\" data-e-type=\"widget\" data-widget_type=\"text-editor.default\">\n\t\t\t\t\t\t\t\t\t<p style=\"text-align: center;\"><span class=\"matmenu\"><strong>Elections d\u00e9partementales, r\u00e9gionales, installations sportives et covid 19<\/strong><\/span><\/p>\t\t\t\t\t\t\t\t<\/div>\n\t\t\t\t\t<\/div>\n\t\t<\/div>\n\t\t\t\t\t<\/div>\n\t\t<\/section>\n\t\t\t\t<section class=\"elementor-section elementor-top-section elementor-element elementor-element-c91ea5c elementor-section-boxed elementor-section-height-default elementor-section-height-default\" data-id=\"c91ea5c\" data-element_type=\"section\" data-e-type=\"section\">\n\t\t\t\t\t\t<div class=\"elementor-container elementor-column-gap-default\">\n\t\t\t\t\t<div class=\"elementor-column elementor-col-100 elementor-top-column elementor-element elementor-element-ec9f019\" data-id=\"ec9f019\" data-element_type=\"column\" data-e-type=\"column\">\n\t\t\t<div class=\"elementor-widget-wrap elementor-element-populated\">\n\t\t\t\t\t\t<div class=\"elementor-element elementor-element-771586a elementor-widget elementor-widget-text-editor\" data-id=\"771586a\" data-element_type=\"widget\" data-e-type=\"widget\" data-widget_type=\"text-editor.default\">\n\t\t\t\t\t\t\t\t\t<p><strong><u>Une situation difficile<\/u><\/strong><\/p>\n<p>Le moins qu\u2019on puisse dire est que l\u2019EPS et le sport scolaire ne sont pas\u00a0 \u00e9pargn\u00e9s par les cons\u00e9quences de la\u00a0 pand\u00e9mie.<\/p>\n<p>A la rentr\u00e9e de septembre 2020 et compte tenu des rep\u00e8res pour l\u2019organisation de l\u2019EPS en vigueur \u00e0 cette date (il y en a\u00a0 eu beaucoup d\u2019autres depuis\u2026), le respect des gestes barri\u00e8res s\u2019est av\u00e9r\u00e9 d\u00e9licat d\u00e8s lors qu\u2019il faut partager les installations sportives (souvent 2 classes minimum dans le m\u00eame gymnase) et les vestiaires. Ce fut encore plus flagrant avec l\u2019arriv\u00e9e des mauvais jours, apr\u00e8s la Toussaint, et encore pire mi-janvier quand nous nous sommes retrouv\u00e9s dehors (4 classes dans la cour du coll\u00e8ge par exemple).<\/p>\n<p><\/p><\/div><\/div><\/div><\/div><\/section><\/div> <a href=\"https:\/\/snepfsu-amiens.net\/index.php\/lettre-dinfos-mai-2021\/\" class=\"more-link elementor-more-link\"><span aria-label=\"Poursuivre la lecture Lettre d&rsquo;infos Mai 2021\">(plus\u2026)<\/span><\/a>","protected":false},"excerpt":{"rendered":"<p>Elections d\u00e9partementales, r\u00e9gionales, installations sportives et covid 19 Une situation difficile Le moins qu\u2019on puisse dire est que l\u2019EPS et<\/p>\n","protected":false},"author":1,"featured_media":0,"parent":0,"menu_order":0,"comment_status":"closed","ping_status":"closed","template":"","meta":{"colormag_page_container_layout":"default_layout","colormag_page_sidebar_layout":"default_layout","footnotes":""},"class_list":["post-5995","page","type-page","status-publish","hentry"],"_links":{"self":[{"href":"https:\/\/snepfsu-amiens.net\/index.php\/wp-json\/wp\/v2\/pages\/5995","targetHints":{"allow":["GET"]}}],"collection":[{"href":"https:\/\/snepfsu-amiens.net\/index.php\/wp-json\/wp\/v2\/pages"}],"about":[{"href":"https:\/\/snepfsu-amiens.net\/index.php\/wp-json\/wp\/v2\/types\/page"}],"author":[{"embeddable":true,"href":"https:\/\/snepfsu-amiens.net\/index.php\/wp-json\/wp\/v2\/users\/1"}],"replies":[{"embeddable":true,"href":"https:\/\/snepfsu-amiens.net\/index.php\/wp-json\/wp\/v2\/comments?post=5995"}],"version-history":[{"count":0,"href":"https:\/\/snepfsu-amiens.net\/index.php\/wp-json\/wp\/v2\/pages\/5995\/revisions"}],"wp:attachment":[{"href":"https:\/\/snepfsu-amiens.net\/index.php\/wp-json\/wp\/v2\/media?parent=5995"}],"curies":[{"name":"wp","href":"https:\/\/api.w.org\/{rel}","templated":true}]}}

<div data-elementor-type="wp-page" data-elementor-id="5995" class="elementor elementor-5995 elementor-bc-flex-widget">
						<section class="elementor-section elementor-top-section elementor-element elementor-element-5d534a8 elementor-section-boxed elementor-section-height-default elementor-section-height-default" data-id="5d534a8" data-element_type="section" data-e-type="section">
						<div class="elementor-container elementor-column-gap-default">
					<div class="elementor-column elementor-col-100 elementor-top-column elementor-element elementor-element-168692f" data-id="168692f" data-element_type="column" data-e-type="column">
			<div class="elementor-widget-wrap elementor-element-populated">
						<div class="elementor-element elementor-element-3248a2e elementor-widget elementor-widget-text-editor" data-id="3248a2e" data-element_type="widget" data-e-type="widget" data-widget_type="text-editor.default">
									<p style="text-align: center;"><span class="matmenu"><strong>Elections départementales, régionales, installations sportives et covid 19</strong></span></p>								</div>
					</div>
		</div>
					</div>
		</section>
				<section class="elementor-section elementor-top-section elementor-element elementor-element-c91ea5c elementor-section-boxed elementor-section-height-default elementor-section-height-default" data-id="c91ea5c" data-element_type="section" data-e-type="section">
						<div class="elementor-container elementor-column-gap-default">
					<div class="elementor-column elementor-col-100 elementor-top-column elementor-element elementor-element-ec9f019" data-id="ec9f019" data-element_type="column" data-e-type="column">
			<div class="elementor-widget-wrap elementor-element-populated">
						<div class="elementor-element elementor-element-771586a elementor-widget elementor-widget-text-editor" data-id="771586a" data-element_type="widget" data-e-type="widget" data-widget_type="text-editor.default">
									<p><strong><u>Une situation difficile</u></strong></p>
<p>Le moins qu’on puisse dire est que l’EPS et le sport scolaire ne sont pas  épargnés par les conséquences de la  pandémie.</p>
<p>A la rentrée de septembre 2020 et compte tenu des repères pour l’organisation de l’EPS en vigueur à cette date (il y en a  eu beaucoup d’autres depuis…), le respect des gestes barrières s’est avéré délicat dès lors qu’il faut partager les installations sportives (souvent 2 classes minimum dans le même gymnase) et les vestiaires. Ce fut encore plus flagrant avec l’arrivée des mauvais jours, après la Toussaint, et encore pire mi-janvier quand nous nous sommes retrouvés dehors (4 classes dans la cour du collège par exemple).</p>
<p></p></div></div></div></div></section></div> <a href="https://snepfsu-amiens.net/index.php/lettre-dinfos-mai-2021/" class="more-link elementor-more-link"><span aria-label="Poursuivre la lecture Lettre d&rsquo;infos Mai 2021">(plus…)</span></a>

<p>Elections départementales, régionales, installations sportives et covid 19 Une situation difficile Le moins qu’on puisse dire est que l’EPS et</p>
