{"id":5793,"date":"2020-12-07T10:27:16","date_gmt":"2020-12-07T09:27:16","guid":{"rendered":"http:\/\/www.snepfsu-amiens.net\/amiens\/?page_id=5793"},"modified":"2020-12-07T10:27:16","modified_gmt":"2020-12-07T09:27:16","slug":"semaine-de-leps-amiens","status":"publish","type":"page","link":"https:\/\/snepfsu-amiens.net\/index.php\/semaine-de-leps-amiens\/","title":{"rendered":"Semaine de l&rsquo;EPS Amiens"},"content":{"rendered":"\t\t<div data-elementor-type=\"wp-page\" data-elementor-id=\"5793\" class=\"elementor elementor-5793 elementor-bc-flex-widget\">\n\t\t\t\t\t\t<section class=\"elementor-section elementor-top-section elementor-element elementor-element-be06754 elementor-section-boxed elementor-section-height-default elementor-section-height-default\" data-id=\"be06754\" data-element_type=\"section\" data-e-type=\"section\">\n\t\t\t\t\t\t<div class=\"elementor-container elementor-column-gap-default\">\n\t\t\t\t\t<div class=\"elementor-column elementor-col-100 elementor-top-column elementor-element elementor-element-8df20a0\" data-id=\"8df20a0\" data-element_type=\"column\" data-e-type=\"column\">\n\t\t\t<div class=\"elementor-widget-wrap elementor-element-populated\">\n\t\t\t\t\t\t<div class=\"elementor-element elementor-element-f290ff8 elementor-widget elementor-widget-text-editor\" data-id=\"f290ff8\" data-element_type=\"widget\" data-e-type=\"widget\" data-widget_type=\"text-editor.default\">\n\t\t\t\t\t\t\t\t\t<p style=\"font-weight: 400;\">Dans le cadre de la\u00a0semaine\u00a0\u00a0de l\u2019EPS, le SNEP\/FSU de l\u2019acad\u00e9mie d\u2019Amiens a d\u00e9cid\u00e9 de zoomer sur nos conditions de travail, du point de vue des installations sportives. Vous trouverez ci-dessous les d\u00e9tails de l\u2019op\u00e9ration. Photos de gymnase surcharg\u00e9 ou d\u2019installations v\u00e9tustes, motion d\u00e9pos\u00e9e en CA, d\u00e9marches entreprises en direction \u00a0des collectivit\u00e9s territoriales, articles de presse\u2026 tout nous int\u00e9resse afin de relayer vos revendications aupr\u00e8s de nos interlocuteurs institutionnels (conseil d\u00e9partemental ou r\u00e9gional).<\/p>\n<p style=\"font-weight: 400;\">Ne vous censurez pas. Quand on ne demande rien, on est s\u00fbr de ne rien obtenir\u00a0!<\/p>\t\t\t\t\t\t\t\t<\/div>\n\t\t\t\t\t<\/div>\n\t\t<\/div>\n\t\t\t\t\t<\/div>\n\t\t<\/section>\n\t\t\t\t<section class=\"elementor-section elementor-top-section elementor-element elementor-element-3489bd6 elementor-section-boxed elementor-section-height-default elementor-section-height-default\" data-id=\"3489bd6\" data-element_type=\"section\" data-e-type=\"section\">\n\t\t\t\t\t\t<div class=\"elementor-container elementor-column-gap-default\">\n\t\t\t\t\t<div class=\"elementor-column elementor-col-50 elementor-top-column elementor-element elementor-element-d476546\" data-id=\"d476546\" data-element_type=\"column\" data-e-type=\"column\">\n\t\t\t<div class=\"elementor-widget-wrap elementor-element-populated\">\n\t\t\t\t\t\t<div class=\"elementor-element elementor-element-11fab44 elementor-widget elementor-widget-image\" data-id=\"11fab44\" data-element_type=\"widget\" data-e-type=\"widget\" data-widget_type=\"image.default\">\n\t\t\t\t\t\t\t\t\t\t\t\t\t\t\t\t<a href=\"http:\/\/www.snepfsu-amiens.net\/amiens\/wp-content\/uploads\/2020\/12\/Des-\u00e9quipements-sportifs-pour-l\u2019EPS-et-l\u2019AS.pdf\" target=\"_blank\">\n\t\t\t\t\t\t\t<img decoding=\"async\" src=\"http:\/\/www.snepfsu-amiens.net\/amiens\/wp-content\/uploads\/2020\/12\/image1-SDEPS.jpg\" title=\"\" alt=\"\" loading=\"lazy\" \/>\t\t\t\t\t\t\t\t<\/a>\n\t\t\t\t\t\t\t\t\t\t\t\t\t\t\t<\/div>\n\t\t\t\t\t<\/div>\n\t\t<\/div>\n\t\t\t\t<div class=\"elementor-column elementor-col-50 elementor-top-column elementor-element elementor-element-55af1fe\" data-id=\"55af1fe\" data-element_type=\"column\" data-e-type=\"column\">\n\t\t\t<div class=\"elementor-widget-wrap elementor-element-populated\">\n\t\t\t\t\t\t<div class=\"elementor-element elementor-element-ac94a3d elementor-widget elementor-widget-image\" data-id=\"ac94a3d\" data-element_type=\"widget\" data-e-type=\"widget\" data-widget_type=\"image.default\">\n\t\t\t\t\t\t\t\t\t\t\t\t\t\t\t\t<a href=\"http:\/\/www.snepfsu-amiens.net\/amiens\/wp-content\/uploads\/2020\/12\/Des-\u00e9quipements-sportifs-pour-l\u2019EPS-et-l\u2019AS.pdf\" target=\"_blank\">\n\t\t\t\t\t\t\t<img decoding=\"async\" src=\"http:\/\/www.snepfsu-amiens.net\/amiens\/wp-content\/uploads\/2020\/12\/image2-SDEPS.jpg\" title=\"\" alt=\"\" loading=\"lazy\" \/>\t\t\t\t\t\t\t\t<\/a>\n\t\t\t\t\t\t\t\t\t\t\t\t\t\t\t<\/div>\n\t\t\t\t\t<\/div>\n\t\t<\/div>\n\t\t\t\t\t<\/div>\n\t\t<\/section>\n\t\t\t\t<section class=\"elementor-section elementor-top-section elementor-element elementor-element-3eab072 elementor-section-boxed elementor-section-height-default elementor-section-height-default\" data-id=\"3eab072\" data-element_type=\"section\" data-e-type=\"section\">\n\t\t\t\t\t\t<div class=\"elementor-container elementor-column-gap-default\">\n\t\t\t\t\t<div class=\"elementor-column elementor-col-50 elementor-top-column elementor-element elementor-element-3af6bc9\" data-id=\"3af6bc9\" data-element_type=\"column\" data-e-type=\"column\">\n\t\t\t<div class=\"elementor-widget-wrap elementor-element-populated\">\n\t\t\t\t\t\t<div class=\"elementor-element elementor-element-7a16dda elementor-align-justify elementor-widget elementor-widget-button\" data-id=\"7a16dda\" data-element_type=\"widget\" data-e-type=\"widget\" data-widget_type=\"button.default\">\n\t\t\t\t\t\t\t\t\t\t<a class=\"elementor-button elementor-button-link elementor-size-sm\" href=\"http:\/\/www.snepfsu.net\/ftp2\/equip\/outils\/EquipSportifs_WEB_217644.pdf\" target=\"_blank\">\n\t\t\t\t\t\t<span class=\"elementor-button-content-wrapper\">\n\t\t\t\t\t\t\t\t\t<span class=\"elementor-button-text\">Guide minist\u00e9riel des \u00e9quipements sportifs pour l'EPS<\/span>\n\t\t\t\t\t<\/span>\n\t\t\t\t\t<\/a>\n\t\t\t\t\t\t\t\t<\/div>\n\t\t\t\t\t<\/div>\n\t\t<\/div>\n\t\t\t\t<div class=\"elementor-column elementor-col-50 elementor-top-column elementor-element elementor-element-9483a1b\" data-id=\"9483a1b\" data-element_type=\"column\" data-e-type=\"column\">\n\t\t\t<div class=\"elementor-widget-wrap elementor-element-populated\">\n\t\t\t\t\t\t<div class=\"elementor-element elementor-element-2feb4e1 elementor-align-justify elementor-widget elementor-widget-button\" data-id=\"2feb4e1\" data-element_type=\"widget\" data-e-type=\"widget\" data-widget_type=\"button.default\">\n\t\t\t\t\t\t\t\t\t\t<a class=\"elementor-button elementor-button-link elementor-size-sm\" href=\"http:\/\/www.snepfsu.net\/equipe\/les_referentiels_snep.php\" target=\"_blank\">\n\t\t\t\t\t\t<span class=\"elementor-button-content-wrapper\">\n\t\t\t\t\t\t\t\t\t<span class=\"elementor-button-text\">Les r\u00e9f\u00e9rentiels du Snep-Fsu National : D\u00e9couvrir les ouvrages de ref\u00e9rence<\/span>\n\t\t\t\t\t<\/span>\n\t\t\t\t\t<\/a>\n\t\t\t\t\t\t\t\t<\/div>\n\t\t\t\t\t<\/div>\n\t\t<\/div>\n\t\t\t\t\t<\/div>\n\t\t<\/section>\n\t\t\t\t<section class=\"elementor-section elementor-top-section elementor-element elementor-element-e589496 elementor-section-boxed elementor-section-height-default elementor-section-height-default\" data-id=\"e589496\" data-element_type=\"section\" data-e-type=\"section\">\n\t\t\t\t\t\t<div class=\"elementor-container elementor-column-gap-default\">\n\t\t\t\t\t<div class=\"elementor-column elementor-col-100 elementor-top-column elementor-element elementor-element-3491ee1\" data-id=\"3491ee1\" data-element_type=\"column\" data-e-type=\"column\">\n\t\t\t<div class=\"elementor-widget-wrap elementor-element-populated\">\n\t\t\t\t\t\t<div class=\"elementor-element elementor-element-4a7e8d3 elementor-widget elementor-widget-text-editor\" data-id=\"4a7e8d3\" data-element_type=\"widget\" data-e-type=\"widget\" data-widget_type=\"text-editor.default\">\n\t\t\t\t\t\t\t\t\t<p>Informez les militant.e.s de vos d\u00e9marches afin qu\u2019ils les relaient aupr\u00e8s des<br \/>collectivit\u00e9s territoriales comp\u00e9tentes.<br \/>&#8211; Lyc\u00e9es\/LP + coll\u00e8ges de l\u2019Oise : Michel Gu\u00e9lou<br \/>michel.guelou@snepfsu-amiens.net<br \/>&#8211; Coll\u00e8ges de l\u2019Aisne : Nicolas Goralczyk<br \/>nicolas.goralczyk@gmail.com<br \/>&#8211; Coll\u00e8ges de la Somme : Pamela Svetojevic<br \/>pamela.svetojevic@gmail.com<\/p>\t\t\t\t\t\t\t\t<\/div>\n\t\t\t\t\t<\/div>\n\t\t<\/div>\n\t\t\t\t\t<\/div>\n\t\t<\/section>\n\t\t\t\t<\/div>\n\t\t","protected":false},"excerpt":{"rendered":"<p>Dans le cadre de la\u00a0semaine\u00a0\u00a0de l\u2019EPS, le SNEP\/FSU de l\u2019acad\u00e9mie d\u2019Amiens a d\u00e9cid\u00e9 de zoomer sur nos conditions de travail,<\/p>\n","protected":false},"author":1,"featured_media":0,"parent":0,"menu_order":0,"comment_status":"closed","ping_status":"closed","template":"","meta":{"colormag_page_container_layout":"default_layout","colormag_page_sidebar_layout":"default_layout","footnotes":""},"class_list":["post-5793","page","type-page","status-publish","hentry"],"_links":{"self":[{"href":"https:\/\/snepfsu-amiens.net\/index.php\/wp-json\/wp\/v2\/pages\/5793","targetHints":{"allow":["GET"]}}],"collection":[{"href":"https:\/\/snepfsu-amiens.net\/index.php\/wp-json\/wp\/v2\/pages"}],"about":[{"href":"https:\/\/snepfsu-amiens.net\/index.php\/wp-json\/wp\/v2\/types\/page"}],"author":[{"embeddable":true,"href":"https:\/\/snepfsu-amiens.net\/index.php\/wp-json\/wp\/v2\/users\/1"}],"replies":[{"embeddable":true,"href":"https:\/\/snepfsu-amiens.net\/index.php\/wp-json\/wp\/v2\/comments?post=5793"}],"version-history":[{"count":0,"href":"https:\/\/snepfsu-amiens.net\/index.php\/wp-json\/wp\/v2\/pages\/5793\/revisions"}],"wp:attachment":[{"href":"https:\/\/snepfsu-amiens.net\/index.php\/wp-json\/wp\/v2\/media?parent=5793"}],"curies":[{"name":"wp","href":"https:\/\/api.w.org\/{rel}","templated":true}]}}

<div data-elementor-type="wp-page" data-elementor-id="5793" class="elementor elementor-5793 elementor-bc-flex-widget">
						<section class="elementor-section elementor-top-section elementor-element elementor-element-be06754 elementor-section-boxed elementor-section-height-default elementor-section-height-default" data-id="be06754" data-element_type="section" data-e-type="section">
						<div class="elementor-container elementor-column-gap-default">
					<div class="elementor-column elementor-col-100 elementor-top-column elementor-element elementor-element-8df20a0" data-id="8df20a0" data-element_type="column" data-e-type="column">
			<div class="elementor-widget-wrap elementor-element-populated">
						<div class="elementor-element elementor-element-f290ff8 elementor-widget elementor-widget-text-editor" data-id="f290ff8" data-element_type="widget" data-e-type="widget" data-widget_type="text-editor.default">
									<p style="font-weight: 400;">Dans le cadre de la semaine  de l’EPS, le SNEP/FSU de l’académie d’Amiens a décidé de zoomer sur nos conditions de travail, du point de vue des installations sportives. Vous trouverez ci-dessous les détails de l’opération. Photos de gymnase surchargé ou d’installations vétustes, motion déposée en CA, démarches entreprises en direction  des collectivités territoriales, articles de presse… tout nous intéresse afin de relayer vos revendications auprès de nos interlocuteurs institutionnels (conseil départemental ou régional).</p>
<p style="font-weight: 400;">Ne vous censurez pas. Quand on ne demande rien, on est sûr de ne rien obtenir !</p>								</div>
					</div>
		</div>
					</div>
		</section>
				<section class="elementor-section elementor-top-section elementor-element elementor-element-3489bd6 elementor-section-boxed elementor-section-height-default elementor-section-height-default" data-id="3489bd6" data-element_type="section" data-e-type="section">
						<div class="elementor-container elementor-column-gap-default">
					<div class="elementor-column elementor-col-50 elementor-top-column elementor-element elementor-element-d476546" data-id="d476546" data-element_type="column" data-e-type="column">
			<div class="elementor-widget-wrap elementor-element-populated">
						<div class="elementor-element elementor-element-11fab44 elementor-widget elementor-widget-image" data-id="11fab44" data-element_type="widget" data-e-type="widget" data-widget_type="image.default">
																<a href="http://www.snepfsu-amiens.net/amiens/wp-content/uploads/2020/12/Des-équipements-sportifs-pour-l’EPS-et-l’AS.pdf" target="_blank">
							<img decoding="async" src="http://www.snepfsu-amiens.net/amiens/wp-content/uploads/2020/12/image1-SDEPS.jpg" title="" alt="" loading="lazy" />								</a>
															</div>
					</div>
		</div>
				<div class="elementor-column elementor-col-50 elementor-top-column elementor-element elementor-element-55af1fe" data-id="55af1fe" data-element_type="column" data-e-type="column">
			<div class="elementor-widget-wrap elementor-element-populated">
						<div class="elementor-element elementor-element-ac94a3d elementor-widget elementor-widget-image" data-id="ac94a3d" data-element_type="widget" data-e-type="widget" data-widget_type="image.default">
																<a href="http://www.snepfsu-amiens.net/amiens/wp-content/uploads/2020/12/Des-équipements-sportifs-pour-l’EPS-et-l’AS.pdf" target="_blank">
							<img decoding="async" src="http://www.snepfsu-amiens.net/amiens/wp-content/uploads/2020/12/image2-SDEPS.jpg" title="" alt="" loading="lazy" />								</a>
															</div>
					</div>
		</div>
					</div>
		</section>
				<section class="elementor-section elementor-top-section elementor-element elementor-element-3eab072 elementor-section-boxed elementor-section-height-default elementor-section-height-default" data-id="3eab072" data-element_type="section" data-e-type="section">
						<div class="elementor-container elementor-column-gap-default">
					<div class="elementor-column elementor-col-50 elementor-top-column elementor-element elementor-element-3af6bc9" data-id="3af6bc9" data-element_type="column" data-e-type="column">
			<div class="elementor-widget-wrap elementor-element-populated">
						<div class="elementor-element elementor-element-7a16dda elementor-align-justify elementor-widget elementor-widget-button" data-id="7a16dda" data-element_type="widget" data-e-type="widget" data-widget_type="button.default">
										<a class="elementor-button elementor-button-link elementor-size-sm" href="http://www.snepfsu.net/ftp2/equip/outils/EquipSportifs_WEB_217644.pdf" target="_blank">
						<span class="elementor-button-content-wrapper">
									<span class="elementor-button-text">Guide ministériel des équipements sportifs pour l'EPS</span>
					</span>
					</a>
								</div>
					</div>
		</div>
				<div class="elementor-column elementor-col-50 elementor-top-column elementor-element elementor-element-9483a1b" data-id="9483a1b" data-element_type="column" data-e-type="column">
			<div class="elementor-widget-wrap elementor-element-populated">
						<div class="elementor-element elementor-element-2feb4e1 elementor-align-justify elementor-widget elementor-widget-button" data-id="2feb4e1" data-element_type="widget" data-e-type="widget" data-widget_type="button.default">
										<a class="elementor-button elementor-button-link elementor-size-sm" href="http://www.snepfsu.net/equipe/les_referentiels_snep.php" target="_blank">
						<span class="elementor-button-content-wrapper">
									<span class="elementor-button-text">Les référentiels du Snep-Fsu National : Découvrir les ouvrages de reférence</span>
					</span>
					</a>
								</div>
					</div>
		</div>
					</div>
		</section>
				<section class="elementor-section elementor-top-section elementor-element elementor-element-e589496 elementor-section-boxed elementor-section-height-default elementor-section-height-default" data-id="e589496" data-element_type="section" data-e-type="section">
						<div class="elementor-container elementor-column-gap-default">
					<div class="elementor-column elementor-col-100 elementor-top-column elementor-element elementor-element-3491ee1" data-id="3491ee1" data-element_type="column" data-e-type="column">
			<div class="elementor-widget-wrap elementor-element-populated">
						<div class="elementor-element elementor-element-4a7e8d3 elementor-widget elementor-widget-text-editor" data-id="4a7e8d3" data-element_type="widget" data-e-type="widget" data-widget_type="text-editor.default">
									<p>Informez les militant.e.s de vos démarches afin qu’ils les relaient auprès des<br />collectivités territoriales compétentes.<br />&#8211; Lycées/LP + collèges de l’Oise : Michel Guélou<br />michel.guelou@snepfsu-amiens.net<br />&#8211; Collèges de l’Aisne : Nicolas Goralczyk<br />nicolas.goralczyk@gmail.com<br />&#8211; Collèges de la Somme : Pamela Svetojevic<br />pamela.svetojevic@gmail.com</p>								</div>
					</div>
		</div>
					</div>
		</section>
				</div>

<p>Dans le cadre de la semaine  de l’EPS, le SNEP/FSU de l’académie d’Amiens a décidé de zoomer sur nos conditions de travail,</p>
