{"id":5752,"date":"2020-11-01T09:44:27","date_gmt":"2020-11-01T08:44:27","guid":{"rendered":"http:\/\/www.snepfsu-amiens.net\/amiens\/?page_id=5752"},"modified":"2020-11-01T09:44:27","modified_gmt":"2020-11-01T08:44:27","slug":"lettre-dinfo-speciale-rentree-du-2-novembre","status":"publish","type":"page","link":"https:\/\/snepfsu-amiens.net\/index.php\/lettre-dinfo-speciale-rentree-du-2-novembre\/","title":{"rendered":"lettre d&rsquo;info Sp\u00e9ciale rentr\u00e9e du 2 Novembre"},"content":{"rendered":"\t\t<div data-elementor-type=\"wp-page\" data-elementor-id=\"5752\" class=\"elementor elementor-5752 elementor-bc-flex-widget\">\n\t\t\t\t\t\t<section class=\"elementor-section elementor-top-section elementor-element elementor-element-470a41f1 elementor-section-boxed elementor-section-height-default elementor-section-height-default\" data-id=\"470a41f1\" data-element_type=\"section\" data-e-type=\"section\">\n\t\t\t\t\t\t<div class=\"elementor-container elementor-column-gap-default\">\n\t\t\t\t\t<div class=\"elementor-column elementor-col-100 elementor-top-column elementor-element elementor-element-617df6a1\" data-id=\"617df6a1\" data-element_type=\"column\" data-e-type=\"column\">\n\t\t\t<div class=\"elementor-widget-wrap elementor-element-populated\">\n\t\t\t\t\t\t<div class=\"elementor-element elementor-element-544e7c35 elementor-widget elementor-widget-text-editor\" data-id=\"544e7c35\" data-element_type=\"widget\" data-e-type=\"widget\" data-widget_type=\"text-editor.default\">\n\t\t\t\t\t\t\t\t\t<p style=\"text-align: justify;\"><img decoding=\"async\" class=\"alignright\" src=\"http:\/\/www.snepfsu-amiens.net\/amiens\/wp-content\/uploads\/2015\/10\/michel.jpg\" alt=\"\" width=\"144\" height=\"150\" \/><span class=\"matmenu\">Choy\u00e9s qu&rsquo;il disait.<\/span><\/p>\n<p>Quand, \u00e0 l\u2019occasion de l\u2019hommage \u00e0 Samuel Paty, notre coll\u00e8gue d\u2019histoire \u2013g\u00e9ographie assassin\u00e9 de mani\u00e8re \u00e9pouvantable pour avoir exerc\u00e9 son m\u00e9tier,\u00a0 le Premier ministre d\u00e9clare devant l\u2019Assembl\u00e9e Nationale \u00ab\u00a0\u2026 l\u2019Education nationale, notre majorit\u00e9 l\u2019a particuli\u00e8rement choy\u00e9e et nous allons continuer \u00e0 la faire\u00a0\u00bb, il y a de quoi tomber de sa chaise.<\/p>\n<p>Gel du point d\u2019indice, recul d\u2019un an des mesures PPCR, r\u00e9tablissement de la journ\u00e9e de carence, r\u00e9forme des retraites, la 2<sup>\u00e8me<\/sup> HSA, la mort du paritarisme avec la r\u00e9forme dite de transformation de la fonction publique\u2026, le gouvernement \u00e0 une conception bien particuli\u00e8re pour choyer ses agents&#8230;.\u00a0<span style=\"font-size: 24px;\"><strong><a href=\"http:\/\/www.snepfsu-amiens.net\/amiens\/edito\/\" target=\"_blank\" rel=\"noopener\">Lire la suite\u00a0<\/a><\/strong><\/span><\/p>\t\t\t\t\t\t\t\t<\/div>\n\t\t\t\t\t<\/div>\n\t\t<\/div>\n\t\t\t\t\t<\/div>\n\t\t<\/section>\n\t\t\t\t<section class=\"elementor-section elementor-top-section elementor-element elementor-element-24be7c6 elementor-section-boxed elementor-section-height-default elementor-section-height-default\" data-id=\"24be7c6\" data-element_type=\"section\" data-e-type=\"section\">\n\t\t\t\t\t\t<div class=\"elementor-container elementor-column-gap-default\">\n\t\t\t\t\t<div class=\"elementor-column elementor-col-50 elementor-top-column elementor-element elementor-element-d28e6ff\" data-id=\"d28e6ff\" data-element_type=\"column\" data-e-type=\"column\">\n\t\t\t<div class=\"elementor-widget-wrap elementor-element-populated\">\n\t\t\t\t\t\t<div class=\"elementor-element elementor-element-b63c12a elementor-widget elementor-widget-text-editor\" data-id=\"b63c12a\" data-element_type=\"widget\" data-e-type=\"widget\" data-widget_type=\"text-editor.default\">\n\t\t\t\t\t\t\t\t\t<p style=\"text-align: justify;\"><span class=\"matmenu\"><strong>Rep\u00e8res pour la reprise en EPS<br \/><\/strong><\/span><\/p>\n<p style=\"text-align: justify;\">Il aura fallu attendre le samedi en toute fin d\u2019apr\u00e8s-midi pour que soit publi\u00e9s les nouveaux rep\u00e8res pour l\u2019EPS et l\u2019AS \u00e0 la rentr\u00e9e des vacances de la Toussaint. L\u2019int\u00e9gration des nouveaux rep\u00e8res va sans doute n\u00e9cessiter de la part des \u00e9quipes EPS un temps d\u2019\u00e9change que le ministre nous refuse avec une rentr\u00e9e \u00e0 8h, comme si de rien n\u2019\u00e9tait.<\/p>\n<p style=\"text-align: justify;\">Ses atermoiements, ordres et contre-ordres\u00a0 (rentr\u00e9e \u00e0 10h puis \u00e0 8h, une minute de silence non obligatoire en hommage \u00e0 S.Paty dans la cour puis dans les classes), d\u00e9notent d\u2019un m\u00e9pris vis-\u00e0-vis des enseignants mais aussi des \u00e9l\u00e8ves et parents d\u2019\u00e9l\u00e8ves. Si l\u2019\u00e9cole fonctionne, c\u2019est bien gr\u00e2ce au professionnalisme de toutes celles et ceux qui \u00a0travaillent dans les \u00e9tablissements scolaires.<\/p>\n<p style=\"text-align: justify;\">\u00a0<\/p>\t\t\t\t\t\t\t\t<\/div>\n\t\t\t\t\t<\/div>\n\t\t<\/div>\n\t\t\t\t<div class=\"elementor-column elementor-col-50 elementor-top-column elementor-element elementor-element-c53a7d8\" data-id=\"c53a7d8\" data-element_type=\"column\" data-e-type=\"column\">\n\t\t\t<div class=\"elementor-widget-wrap elementor-element-populated\">\n\t\t\t\t\t\t<div class=\"elementor-element elementor-element-5a585b4 elementor-align-justify elementor-widget elementor-widget-button\" data-id=\"5a585b4\" data-element_type=\"widget\" data-e-type=\"widget\" data-widget_type=\"button.default\">\n\t\t\t\t\t\t\t\t\t\t<a class=\"elementor-button elementor-button-link elementor-size-lg\" href=\"https:\/\/www.education.gouv.fr\/media\/71367\/download\" target=\"_blank\">\n\t\t\t\t\t\t<span class=\"elementor-button-content-wrapper\">\n\t\t\t\t\t\t\t\t\t<span class=\"elementor-button-text\">REPERES pour la reprise de l'EPS <\/span>\n\t\t\t\t\t<\/span>\n\t\t\t\t\t<\/a>\n\t\t\t\t\t\t\t\t<\/div>\n\t\t\t\t<div class=\"elementor-element elementor-element-c802c06 elementor-widget elementor-widget-text-editor\" data-id=\"c802c06\" data-element_type=\"widget\" data-e-type=\"widget\" data-widget_type=\"text-editor.default\">\n\t\t\t\t\t\t\t\t\t<p style=\"text-align: justify;\"><span class=\"matmenu\"><strong>Audience avec le Recteur et les IA-IPR EPS<\/strong><\/span><\/p>\n<p style=\"text-align: justify;\">Comme annonc\u00e9 dans l\u2019\u00e9dito, une audience a \u00e9t\u00e9 programm\u00e9e entre le SNEP\/FSU Amiens, \u00a0le Recteur et les IA-IPR\u00a0 le lundi 2 novembre 2020 \u00e0 17h30. Initialement pr\u00e9vue en pr\u00e9sentiel, nous ne savons pas si l\u2019audience est maintenue en visio ou report\u00e9e. Nous nous ferons les porte-paroles de la profession et poserons toutes les questions \u00a0(li\u00e9es \u00e0 la reprise mais pas seulement) que vous nous avez faites parvenir ces derniers jours.<\/p>\n<p style=\"text-align: justify;\">Nous vous ferons bien \u00e9videmment un compte-rendu de cette audience.<\/p>\t\t\t\t\t\t\t\t<\/div>\n\t\t\t\t\t<\/div>\n\t\t<\/div>\n\t\t\t\t\t<\/div>\n\t\t<\/section>\n\t\t\t\t<section class=\"elementor-section elementor-top-section elementor-element elementor-element-b2826ea elementor-section-boxed elementor-section-height-default elementor-section-height-default\" data-id=\"b2826ea\" data-element_type=\"section\" data-e-type=\"section\">\n\t\t\t\t\t\t<div class=\"elementor-container elementor-column-gap-default\">\n\t\t\t\t\t<div class=\"elementor-column elementor-col-100 elementor-top-column elementor-element elementor-element-354618c\" data-id=\"354618c\" data-element_type=\"column\" data-e-type=\"column\">\n\t\t\t<div class=\"elementor-widget-wrap elementor-element-populated\">\n\t\t\t\t\t\t<div class=\"elementor-element elementor-element-96a7b50 elementor-widget elementor-widget-text-editor\" data-id=\"96a7b50\" data-element_type=\"widget\" data-e-type=\"widget\" data-widget_type=\"text-editor.default\">\n\t\t\t\t\t\t\t\t\t<p><span class=\"matmenu\">Compte-rendu du CHSCT Acad\u00e9mique\u00a0<\/span><br \/>Vendredi 30 octobre apr\u00e8s midi, s&rsquo;est tenu un CHSCT Acad\u00e9mique exceptionnel \u00e0 la demande de la FSU.<\/p>\n<p>Vous pourrez lire dans ce compte-rendu les r\u00e9ponses (ou non) de l&rsquo;administration aux questions que se posent les coll\u00e8gues avant la reprise du 2 novembre. Nul doute que cela fera \u00e9cho \u00e0 votre situation dans votre \u00e9tablissement.<\/p>\t\t\t\t\t\t\t\t<\/div>\n\t\t\t\t<div class=\"elementor-element elementor-element-603d16d elementor-align-justify elementor-widget elementor-widget-button\" data-id=\"603d16d\" data-element_type=\"widget\" data-e-type=\"widget\" data-widget_type=\"button.default\">\n\t\t\t\t\t\t\t\t\t\t<a class=\"elementor-button elementor-button-link elementor-size-sm\" href=\"http:\/\/www.snepfsu-amiens.net\/amiens\/wp-content\/uploads\/2020\/11\/2020-10-30_CR_FSU_CHSCTA-extraordinaire.pdf\" target=\"_blank\">\n\t\t\t\t\t\t<span class=\"elementor-button-content-wrapper\">\n\t\t\t\t\t\t\t\t\t<span class=\"elementor-button-text\">Lire le Compte-rendu du CHSCT Acad\u00e9mique<\/span>\n\t\t\t\t\t<\/span>\n\t\t\t\t\t<\/a>\n\t\t\t\t\t\t\t\t<\/div>\n\t\t\t\t\t<\/div>\n\t\t<\/div>\n\t\t\t\t\t<\/div>\n\t\t<\/section>\n\t\t\t\t<\/div>\n\t\t","protected":false},"excerpt":{"rendered":"<p>Choy\u00e9s qu&rsquo;il disait. Quand, \u00e0 l\u2019occasion de l\u2019hommage \u00e0 Samuel Paty, notre coll\u00e8gue d\u2019histoire \u2013g\u00e9ographie assassin\u00e9 de mani\u00e8re \u00e9pouvantable pour<\/p>\n","protected":false},"author":1,"featured_media":0,"parent":0,"menu_order":0,"comment_status":"closed","ping_status":"closed","template":"","meta":{"colormag_page_container_layout":"default_layout","colormag_page_sidebar_layout":"default_layout","footnotes":""},"class_list":["post-5752","page","type-page","status-publish","hentry"],"_links":{"self":[{"href":"https:\/\/snepfsu-amiens.net\/index.php\/wp-json\/wp\/v2\/pages\/5752","targetHints":{"allow":["GET"]}}],"collection":[{"href":"https:\/\/snepfsu-amiens.net\/index.php\/wp-json\/wp\/v2\/pages"}],"about":[{"href":"https:\/\/snepfsu-amiens.net\/index.php\/wp-json\/wp\/v2\/types\/page"}],"author":[{"embeddable":true,"href":"https:\/\/snepfsu-amiens.net\/index.php\/wp-json\/wp\/v2\/users\/1"}],"replies":[{"embeddable":true,"href":"https:\/\/snepfsu-amiens.net\/index.php\/wp-json\/wp\/v2\/comments?post=5752"}],"version-history":[{"count":0,"href":"https:\/\/snepfsu-amiens.net\/index.php\/wp-json\/wp\/v2\/pages\/5752\/revisions"}],"wp:attachment":[{"href":"https:\/\/snepfsu-amiens.net\/index.php\/wp-json\/wp\/v2\/media?parent=5752"}],"curies":[{"name":"wp","href":"https:\/\/api.w.org\/{rel}","templated":true}]}}

lettre d&rsquo;info Spéciale rentrée du 2 Novembre

<div data-elementor-type="wp-page" data-elementor-id="5752" class="elementor elementor-5752 elementor-bc-flex-widget">
						<section class="elementor-section elementor-top-section elementor-element elementor-element-470a41f1 elementor-section-boxed elementor-section-height-default elementor-section-height-default" data-id="470a41f1" data-element_type="section" data-e-type="section">
						<div class="elementor-container elementor-column-gap-default">
					<div class="elementor-column elementor-col-100 elementor-top-column elementor-element elementor-element-617df6a1" data-id="617df6a1" data-element_type="column" data-e-type="column">
			<div class="elementor-widget-wrap elementor-element-populated">
						<div class="elementor-element elementor-element-544e7c35 elementor-widget elementor-widget-text-editor" data-id="544e7c35" data-element_type="widget" data-e-type="widget" data-widget_type="text-editor.default">
									<p style="text-align: justify;"><img decoding="async" class="alignright" src="http://www.snepfsu-amiens.net/amiens/wp-content/uploads/2015/10/michel.jpg" alt="" width="144" height="150" /><span class="matmenu">Choyés qu&rsquo;il disait.</span></p>
<p>Quand, à l’occasion de l’hommage à Samuel Paty, notre collègue d’histoire –géographie assassiné de manière épouvantable pour avoir exercé son métier,  le Premier ministre déclare devant l’Assemblée Nationale « … l’Education nationale, notre majorité l’a particulièrement choyée et nous allons continuer à la faire », il y a de quoi tomber de sa chaise.</p>
<p>Gel du point d’indice, recul d’un an des mesures PPCR, rétablissement de la journée de carence, réforme des retraites, la 2<sup>ème</sup> HSA, la mort du paritarisme avec la réforme dite de transformation de la fonction publique…, le gouvernement à une conception bien particulière pour choyer ses agents&#8230;. <span style="font-size: 24px;"><strong><a href="http://www.snepfsu-amiens.net/amiens/edito/" target="_blank" rel="noopener">Lire la suite </a></strong></span></p>								</div>
					</div>
		</div>
					</div>
		</section>
				<section class="elementor-section elementor-top-section elementor-element elementor-element-24be7c6 elementor-section-boxed elementor-section-height-default elementor-section-height-default" data-id="24be7c6" data-element_type="section" data-e-type="section">
						<div class="elementor-container elementor-column-gap-default">
					<div class="elementor-column elementor-col-50 elementor-top-column elementor-element elementor-element-d28e6ff" data-id="d28e6ff" data-element_type="column" data-e-type="column">
			<div class="elementor-widget-wrap elementor-element-populated">
						<div class="elementor-element elementor-element-b63c12a elementor-widget elementor-widget-text-editor" data-id="b63c12a" data-element_type="widget" data-e-type="widget" data-widget_type="text-editor.default">
									<p style="text-align: justify;"><span class="matmenu"><strong>Repères pour la reprise en EPS<br /></strong></span></p>
<p style="text-align: justify;">Il aura fallu attendre le samedi en toute fin d’après-midi pour que soit publiés les nouveaux repères pour l’EPS et l’AS à la rentrée des vacances de la Toussaint. L’intégration des nouveaux repères va sans doute nécessiter de la part des équipes EPS un temps d’échange que le ministre nous refuse avec une rentrée à 8h, comme si de rien n’était.</p>
<p style="text-align: justify;">Ses atermoiements, ordres et contre-ordres  (rentrée à 10h puis à 8h, une minute de silence non obligatoire en hommage à S.Paty dans la cour puis dans les classes), dénotent d’un mépris vis-à-vis des enseignants mais aussi des élèves et parents d’élèves. Si l’école fonctionne, c’est bien grâce au professionnalisme de toutes celles et ceux qui  travaillent dans les établissements scolaires.</p>
<p style="text-align: justify;"> </p>								</div>
					</div>
		</div>
				<div class="elementor-column elementor-col-50 elementor-top-column elementor-element elementor-element-c53a7d8" data-id="c53a7d8" data-element_type="column" data-e-type="column">
			<div class="elementor-widget-wrap elementor-element-populated">
						<div class="elementor-element elementor-element-5a585b4 elementor-align-justify elementor-widget elementor-widget-button" data-id="5a585b4" data-element_type="widget" data-e-type="widget" data-widget_type="button.default">
										<a class="elementor-button elementor-button-link elementor-size-lg" href="https://www.education.gouv.fr/media/71367/download" target="_blank">
						<span class="elementor-button-content-wrapper">
									<span class="elementor-button-text">REPERES pour la reprise de l'EPS </span>
					</span>
					</a>
								</div>
				<div class="elementor-element elementor-element-c802c06 elementor-widget elementor-widget-text-editor" data-id="c802c06" data-element_type="widget" data-e-type="widget" data-widget_type="text-editor.default">
									<p style="text-align: justify;"><span class="matmenu"><strong>Audience avec le Recteur et les IA-IPR EPS</strong></span></p>
<p style="text-align: justify;">Comme annoncé dans l’édito, une audience a été programmée entre le SNEP/FSU Amiens,  le Recteur et les IA-IPR  le lundi 2 novembre 2020 à 17h30. Initialement prévue en présentiel, nous ne savons pas si l’audience est maintenue en visio ou reportée. Nous nous ferons les porte-paroles de la profession et poserons toutes les questions  (liées à la reprise mais pas seulement) que vous nous avez faites parvenir ces derniers jours.</p>
<p style="text-align: justify;">Nous vous ferons bien évidemment un compte-rendu de cette audience.</p>								</div>
					</div>
		</div>
					</div>
		</section>
				<section class="elementor-section elementor-top-section elementor-element elementor-element-b2826ea elementor-section-boxed elementor-section-height-default elementor-section-height-default" data-id="b2826ea" data-element_type="section" data-e-type="section">
						<div class="elementor-container elementor-column-gap-default">
					<div class="elementor-column elementor-col-100 elementor-top-column elementor-element elementor-element-354618c" data-id="354618c" data-element_type="column" data-e-type="column">
			<div class="elementor-widget-wrap elementor-element-populated">
						<div class="elementor-element elementor-element-96a7b50 elementor-widget elementor-widget-text-editor" data-id="96a7b50" data-element_type="widget" data-e-type="widget" data-widget_type="text-editor.default">
									<p><span class="matmenu">Compte-rendu du CHSCT Académique </span><br />Vendredi 30 octobre après midi, s&rsquo;est tenu un CHSCT Académique exceptionnel à la demande de la FSU.</p>
<p>Vous pourrez lire dans ce compte-rendu les réponses (ou non) de l&rsquo;administration aux questions que se posent les collègues avant la reprise du 2 novembre. Nul doute que cela fera écho à votre situation dans votre établissement.</p>								</div>
				<div class="elementor-element elementor-element-603d16d elementor-align-justify elementor-widget elementor-widget-button" data-id="603d16d" data-element_type="widget" data-e-type="widget" data-widget_type="button.default">
										<a class="elementor-button elementor-button-link elementor-size-sm" href="http://www.snepfsu-amiens.net/amiens/wp-content/uploads/2020/11/2020-10-30_CR_FSU_CHSCTA-extraordinaire.pdf" target="_blank">
						<span class="elementor-button-content-wrapper">
									<span class="elementor-button-text">Lire le Compte-rendu du CHSCT Académique</span>
					</span>
					</a>
								</div>
					</div>
		</div>
					</div>
		</section>
				</div>

<p>Choyés qu&rsquo;il disait. Quand, à l’occasion de l’hommage à Samuel Paty, notre collègue d’histoire –géographie assassiné de manière épouvantable pour</p>
