{"id":3492,"date":"2018-04-19T20:28:25","date_gmt":"2018-04-19T19:28:25","guid":{"rendered":"http:\/\/www.snepfsu-amiens.net\/amiens\/?page_id=3492"},"modified":"2018-04-19T20:28:25","modified_gmt":"2018-04-19T19:28:25","slug":"dispositif-opera","status":"publish","type":"page","link":"https:\/\/snepfsu-amiens.net\/index.php\/dispositif-opera\/","title":{"rendered":"Dispositif Opera"},"content":{"rendered":"\t\t<div data-elementor-type=\"wp-page\" data-elementor-id=\"3492\" class=\"elementor elementor-3492 elementor-bc-flex-widget\">\n\t\t\t\t\t\t<section class=\"elementor-section elementor-top-section elementor-element elementor-element-11fa8390 elementor-section-boxed elementor-section-height-default elementor-section-height-default\" data-id=\"11fa8390\" data-element_type=\"section\" data-e-type=\"section\">\n\t\t\t\t\t\t<div class=\"elementor-container elementor-column-gap-default\">\n\t\t\t\t\t<div class=\"elementor-column elementor-col-100 elementor-top-column elementor-element elementor-element-521d23d9\" data-id=\"521d23d9\" data-element_type=\"column\" data-e-type=\"column\">\n\t\t\t<div class=\"elementor-widget-wrap elementor-element-populated\">\n\t\t\t\t\t\t<div class=\"elementor-element elementor-element-262faf6 elementor-widget elementor-widget-text-editor\" data-id=\"262faf6\" data-element_type=\"widget\" data-e-type=\"widget\" data-widget_type=\"text-editor.default\">\n\t\t\t\t\t\t\t\t\t<p>Cette page regroupe les informations concernant le dossier de carri\u00e8re \u00ab\u00a0Dispositif Op\u00e9ra\u00a0\u00bb. Il est g\u00e9r\u00e9 au rectorat lors d&rsquo;un groupe de travail au mois d&rsquo;Avril auxquels les commissaires paritaires du Snep si\u00e8gent, d\u00e9fendent les coll\u00e8gues et font respecter les r\u00e8gles dict\u00e9es par la circulaire acad\u00e9mique. Ils informent \u00e9galement la profession \u00e0 l&rsquo;issue \u00e0 l&rsquo;issue de ces GT &#8230; Bonne lecture<\/p>\n<p>OPERA signifie\u00a0Dispositif d\u2019Optimisation des PErsonnels par la Reconversion et L\u2019Adaptation\u00a0<\/p>\t\t\t\t\t\t\t\t<\/div>\n\t\t\t\t\t<\/div>\n\t\t<\/div>\n\t\t\t\t\t<\/div>\n\t\t<\/section>\n\t\t\t\t<section class=\"elementor-section elementor-top-section elementor-element elementor-element-1181a4d2 elementor-section-boxed elementor-section-height-default elementor-section-height-default\" data-id=\"1181a4d2\" data-element_type=\"section\" data-e-type=\"section\">\n\t\t\t\t\t\t<div class=\"elementor-container elementor-column-gap-default\">\n\t\t\t\t\t<div class=\"elementor-column elementor-col-100 elementor-top-column elementor-element elementor-element-45fc2761\" data-id=\"45fc2761\" data-element_type=\"column\" data-e-type=\"column\">\n\t\t\t<div class=\"elementor-widget-wrap elementor-element-populated\">\n\t\t\t\t\t\t<section class=\"elementor-section elementor-inner-section elementor-element elementor-element-3c156b5a elementor-section-boxed elementor-section-height-default elementor-section-height-default\" data-id=\"3c156b5a\" data-element_type=\"section\" data-e-type=\"section\">\n\t\t\t\t\t\t<div class=\"elementor-container elementor-column-gap-default\">\n\t\t\t\t\t<div class=\"elementor-column elementor-col-50 elementor-inner-column elementor-element elementor-element-6374d89e\" data-id=\"6374d89e\" data-element_type=\"column\" data-e-type=\"column\">\n\t\t\t<div class=\"elementor-widget-wrap elementor-element-populated\">\n\t\t\t\t\t\t<div class=\"elementor-element elementor-element-29562526 elementor-widget elementor-widget-image\" data-id=\"29562526\" data-element_type=\"widget\" data-e-type=\"widget\" data-widget_type=\"image.default\">\n\t\t\t\t\t\t\t\t\t\t\t\t\t\t\t\t<a href=\"http:\/\/www.snepfsu-amiens.net\/amiens\/wp-content\/uploads\/2018\/04\/appel_a_candidatures_opera_2018-2019.pdf\" target=\"_blank\">\n\t\t\t\t\t\t\t<img decoding=\"async\" src=\"http:\/\/www.snepfsu-amiens.net\/amiens\/wp-content\/uploads\/2012\/12\/pdf1.png\" title=\"\" alt=\"\" loading=\"lazy\" \/>\t\t\t\t\t\t\t\t<\/a>\n\t\t\t\t\t\t\t\t\t\t\t\t\t\t\t<\/div>\n\t\t\t\t\t<\/div>\n\t\t<\/div>\n\t\t\t\t<div class=\"elementor-column elementor-col-50 elementor-inner-column elementor-element elementor-element-77d5c0c3\" data-id=\"77d5c0c3\" data-element_type=\"column\" data-e-type=\"column\">\n\t\t\t<div class=\"elementor-widget-wrap elementor-element-populated\">\n\t\t\t\t\t\t<div class=\"elementor-element elementor-element-5733edca elementor-widget elementor-widget-text-editor\" data-id=\"5733edca\" data-element_type=\"widget\" data-e-type=\"widget\" data-widget_type=\"text-editor.default\">\n\t\t\t\t\t\t\t\t\t<p>Plus d&rsquo;infos contactez : Nicolas Goralczyk : nico.goral@laposte.net<\/p>\t\t\t\t\t\t\t\t<\/div>\n\t\t\t\t<div class=\"elementor-element elementor-element-6bcc1473 elementor-widget elementor-widget-button\" data-id=\"6bcc1473\" data-element_type=\"widget\" data-e-type=\"widget\" data-widget_type=\"button.default\">\n\t\t\t\t\t\t\t\t\t\t<a class=\"elementor-button elementor-button-link elementor-size-sm\" href=\"http:\/\/www.snepfsu-amiens.net\/amiens\/wp-content\/uploads\/2018\/04\/CR-GT-OPERA-170418.pdf\" target=\"_blank\">\n\t\t\t\t\t\t<span class=\"elementor-button-content-wrapper\">\n\t\t\t\t\t\t\t\t\t<span class=\"elementor-button-text\">lire le compte-rendu <\/span>\n\t\t\t\t\t<\/span>\n\t\t\t\t\t<\/a>\n\t\t\t\t\t\t\t\t<\/div>\n\t\t\t\t\t<\/div>\n\t\t<\/div>\n\t\t\t\t\t<\/div>\n\t\t<\/section>\n\t\t\t\t\t<\/div>\n\t\t<\/div>\n\t\t\t\t\t<\/div>\n\t\t<\/section>\n\t\t\t\t<section class=\"elementor-section elementor-top-section elementor-element elementor-element-200a5aa elementor-section-boxed elementor-section-height-default elementor-section-height-default\" data-id=\"200a5aa\" data-element_type=\"section\" data-e-type=\"section\">\n\t\t\t\t\t\t<div class=\"elementor-container elementor-column-gap-default\">\n\t\t\t\t\t<div class=\"elementor-column elementor-col-100 elementor-top-column elementor-element elementor-element-2f064fa\" data-id=\"2f064fa\" data-element_type=\"column\" data-e-type=\"column\">\n\t\t\t<div class=\"elementor-widget-wrap elementor-element-populated\">\n\t\t\t\t\t\t<div class=\"elementor-element elementor-element-e6de0e2 elementor-widget elementor-widget-text-editor\" data-id=\"e6de0e2\" data-element_type=\"widget\" data-e-type=\"widget\" data-widget_type=\"text-editor.default\">\n\t\t\t\t\t\t\t\t\t<p>Lien vers la age du site du rectorat sur le dispositif OPERA : <a href=\"http:\/\/www.ac-amiens.fr\/802-dispositif-d-adaptation-et-de-reconversion.html\" target=\"_blank\" rel=\"noopener\">cliquez ici<\/a><\/p>\t\t\t\t\t\t\t\t<\/div>\n\t\t\t\t\t<\/div>\n\t\t<\/div>\n\t\t\t\t\t<\/div>\n\t\t<\/section>\n\t\t\t\t<\/div>\n\t\t","protected":false},"excerpt":{"rendered":"<p>Cette page regroupe les informations concernant le dossier de carri\u00e8re \u00ab\u00a0Dispositif Op\u00e9ra\u00a0\u00bb. Il est g\u00e9r\u00e9 au rectorat lors d&rsquo;un groupe<\/p>\n","protected":false},"author":1,"featured_media":0,"parent":0,"menu_order":0,"comment_status":"closed","ping_status":"closed","template":"","meta":{"colormag_page_container_layout":"default_layout","colormag_page_sidebar_layout":"default_layout","footnotes":""},"class_list":["post-3492","page","type-page","status-publish","hentry"],"_links":{"self":[{"href":"https:\/\/snepfsu-amiens.net\/index.php\/wp-json\/wp\/v2\/pages\/3492","targetHints":{"allow":["GET"]}}],"collection":[{"href":"https:\/\/snepfsu-amiens.net\/index.php\/wp-json\/wp\/v2\/pages"}],"about":[{"href":"https:\/\/snepfsu-amiens.net\/index.php\/wp-json\/wp\/v2\/types\/page"}],"author":[{"embeddable":true,"href":"https:\/\/snepfsu-amiens.net\/index.php\/wp-json\/wp\/v2\/users\/1"}],"replies":[{"embeddable":true,"href":"https:\/\/snepfsu-amiens.net\/index.php\/wp-json\/wp\/v2\/comments?post=3492"}],"version-history":[{"count":0,"href":"https:\/\/snepfsu-amiens.net\/index.php\/wp-json\/wp\/v2\/pages\/3492\/revisions"}],"wp:attachment":[{"href":"https:\/\/snepfsu-amiens.net\/index.php\/wp-json\/wp\/v2\/media?parent=3492"}],"curies":[{"name":"wp","href":"https:\/\/api.w.org\/{rel}","templated":true}]}}

<div data-elementor-type="wp-page" data-elementor-id="3492" class="elementor elementor-3492 elementor-bc-flex-widget">
						<section class="elementor-section elementor-top-section elementor-element elementor-element-11fa8390 elementor-section-boxed elementor-section-height-default elementor-section-height-default" data-id="11fa8390" data-element_type="section" data-e-type="section">
						<div class="elementor-container elementor-column-gap-default">
					<div class="elementor-column elementor-col-100 elementor-top-column elementor-element elementor-element-521d23d9" data-id="521d23d9" data-element_type="column" data-e-type="column">
			<div class="elementor-widget-wrap elementor-element-populated">
						<div class="elementor-element elementor-element-262faf6 elementor-widget elementor-widget-text-editor" data-id="262faf6" data-element_type="widget" data-e-type="widget" data-widget_type="text-editor.default">
									<p>Cette page regroupe les informations concernant le dossier de carrière « Dispositif Opéra ». Il est géré au rectorat lors d&rsquo;un groupe de travail au mois d&rsquo;Avril auxquels les commissaires paritaires du Snep siègent, défendent les collègues et font respecter les règles dictées par la circulaire académique. Ils informent également la profession à l&rsquo;issue à l&rsquo;issue de ces GT &#8230; Bonne lecture</p>
<p>OPERA signifie Dispositif d’Optimisation des PErsonnels par la Reconversion et L’Adaptation </p>								</div>
					</div>
		</div>
					</div>
		</section>
				<section class="elementor-section elementor-top-section elementor-element elementor-element-1181a4d2 elementor-section-boxed elementor-section-height-default elementor-section-height-default" data-id="1181a4d2" data-element_type="section" data-e-type="section">
						<div class="elementor-container elementor-column-gap-default">
					<div class="elementor-column elementor-col-100 elementor-top-column elementor-element elementor-element-45fc2761" data-id="45fc2761" data-element_type="column" data-e-type="column">
			<div class="elementor-widget-wrap elementor-element-populated">
						<section class="elementor-section elementor-inner-section elementor-element elementor-element-3c156b5a elementor-section-boxed elementor-section-height-default elementor-section-height-default" data-id="3c156b5a" data-element_type="section" data-e-type="section">
						<div class="elementor-container elementor-column-gap-default">
					<div class="elementor-column elementor-col-50 elementor-inner-column elementor-element elementor-element-6374d89e" data-id="6374d89e" data-element_type="column" data-e-type="column">
			<div class="elementor-widget-wrap elementor-element-populated">
						<div class="elementor-element elementor-element-29562526 elementor-widget elementor-widget-image" data-id="29562526" data-element_type="widget" data-e-type="widget" data-widget_type="image.default">
																<a href="http://www.snepfsu-amiens.net/amiens/wp-content/uploads/2018/04/appel_a_candidatures_opera_2018-2019.pdf" target="_blank">
							<img decoding="async" src="http://www.snepfsu-amiens.net/amiens/wp-content/uploads/2012/12/pdf1.png" title="" alt="" loading="lazy" />								</a>
															</div>
					</div>
		</div>
				<div class="elementor-column elementor-col-50 elementor-inner-column elementor-element elementor-element-77d5c0c3" data-id="77d5c0c3" data-element_type="column" data-e-type="column">
			<div class="elementor-widget-wrap elementor-element-populated">
						<div class="elementor-element elementor-element-5733edca elementor-widget elementor-widget-text-editor" data-id="5733edca" data-element_type="widget" data-e-type="widget" data-widget_type="text-editor.default">
									<p>Plus d&rsquo;infos contactez : Nicolas Goralczyk : nico.goral@laposte.net</p>								</div>
				<div class="elementor-element elementor-element-6bcc1473 elementor-widget elementor-widget-button" data-id="6bcc1473" data-element_type="widget" data-e-type="widget" data-widget_type="button.default">
										<a class="elementor-button elementor-button-link elementor-size-sm" href="http://www.snepfsu-amiens.net/amiens/wp-content/uploads/2018/04/CR-GT-OPERA-170418.pdf" target="_blank">
						<span class="elementor-button-content-wrapper">
									<span class="elementor-button-text">lire le compte-rendu </span>
					</span>
					</a>
								</div>
					</div>
		</div>
					</div>
		</section>
					</div>
		</div>
					</div>
		</section>
				<section class="elementor-section elementor-top-section elementor-element elementor-element-200a5aa elementor-section-boxed elementor-section-height-default elementor-section-height-default" data-id="200a5aa" data-element_type="section" data-e-type="section">
						<div class="elementor-container elementor-column-gap-default">
					<div class="elementor-column elementor-col-100 elementor-top-column elementor-element elementor-element-2f064fa" data-id="2f064fa" data-element_type="column" data-e-type="column">
			<div class="elementor-widget-wrap elementor-element-populated">
						<div class="elementor-element elementor-element-e6de0e2 elementor-widget elementor-widget-text-editor" data-id="e6de0e2" data-element_type="widget" data-e-type="widget" data-widget_type="text-editor.default">
									<p>Lien vers la age du site du rectorat sur le dispositif OPERA : <a href="http://www.ac-amiens.fr/802-dispositif-d-adaptation-et-de-reconversion.html" target="_blank" rel="noopener">cliquez ici</a></p>								</div>
					</div>
		</div>
					</div>
		</section>
				</div>

<p>Cette page regroupe les informations concernant le dossier de carrière « Dispositif Opéra ». Il est géré au rectorat lors d&rsquo;un groupe</p>
