{"id":3168,"date":"2018-03-10T14:19:21","date_gmt":"2018-03-10T13:19:21","guid":{"rendered":"http:\/\/www.snepfsu-amiens.net\/amiens\/?page_id=3168"},"modified":"2018-03-10T14:19:21","modified_gmt":"2018-03-10T13:19:21","slug":"conges-de-formation-postes-adaptes","status":"publish","type":"page","link":"https:\/\/snepfsu-amiens.net\/index.php\/conges-de-formation-postes-adaptes\/","title":{"rendered":"cong\u00e9s de formation &#8211; postes adapt\u00e9s"},"content":{"rendered":"\t\t<div data-elementor-type=\"wp-page\" data-elementor-id=\"3168\" class=\"elementor elementor-3168 elementor-bc-flex-widget\">\n\t\t\t\t\t\t<section class=\"elementor-section elementor-top-section elementor-element elementor-element-7630690 elementor-section-boxed elementor-section-height-default elementor-section-height-default\" data-id=\"7630690\" data-element_type=\"section\" data-e-type=\"section\">\n\t\t\t\t\t\t<div class=\"elementor-container elementor-column-gap-default\">\n\t\t\t\t\t<div class=\"elementor-column elementor-col-100 elementor-top-column elementor-element elementor-element-94140d3\" data-id=\"94140d3\" data-element_type=\"column\" data-e-type=\"column\">\n\t\t\t<div class=\"elementor-widget-wrap elementor-element-populated\">\n\t\t\t\t\t\t<div class=\"elementor-element elementor-element-c0f6e80 elementor-widget elementor-widget-text-editor\" data-id=\"c0f6e80\" data-element_type=\"widget\" data-e-type=\"widget\" data-widget_type=\"text-editor.default\">\n\t\t\t\t\t\t\t\t\t<p>Cette page regroupe les informations concernant les dossiers de carri\u00e8re sur les cong\u00e9s de formation et les postes adapt\u00e9s. Ils sont g\u00e9r\u00e9s au rectorat lors de groupes de travail auxquels les commissaires paritaires du Snep si\u00e8gent, d\u00e9fendent les coll\u00e8gues et font respecter les r\u00e8gles dict\u00e9es par des circulaires acad\u00e9miques. Ils informent \u00e9galement la profession \u00e0 l&rsquo;issue \u00e0 l&rsquo;issue de ces GT &#8230; Bonne lecture<\/p>\t\t\t\t\t\t\t\t<\/div>\n\t\t\t\t\t<\/div>\n\t\t<\/div>\n\t\t\t\t\t<\/div>\n\t\t<\/section>\n\t\t\t\t<section class=\"elementor-section elementor-top-section elementor-element elementor-element-e321726 elementor-section-boxed elementor-section-height-default elementor-section-height-default\" data-id=\"e321726\" data-element_type=\"section\" data-e-type=\"section\">\n\t\t\t\t\t\t<div class=\"elementor-container elementor-column-gap-default\">\n\t\t\t\t\t<div class=\"elementor-column elementor-col-50 elementor-top-column elementor-element elementor-element-568c54e\" data-id=\"568c54e\" data-element_type=\"column\" data-e-type=\"column\">\n\t\t\t<div class=\"elementor-widget-wrap elementor-element-populated\">\n\t\t\t\t\t\t<div class=\"elementor-element elementor-element-fe4b4f3 elementor-widget elementor-widget-text-editor\" data-id=\"fe4b4f3\" data-element_type=\"widget\" data-e-type=\"widget\" data-widget_type=\"text-editor.default\">\n\t\t\t\t\t\t\t\t\t<p style=\"text-align: center;\"><span class=\"matmenu\">Cong\u00e9s de formation<\/span><\/p>\t\t\t\t\t\t\t\t<\/div>\n\t\t\t\t<section class=\"elementor-section elementor-inner-section elementor-element elementor-element-a44ebb6 elementor-section-boxed elementor-section-height-default elementor-section-height-default\" data-id=\"a44ebb6\" data-element_type=\"section\" data-e-type=\"section\">\n\t\t\t\t\t\t<div class=\"elementor-container elementor-column-gap-default\">\n\t\t\t\t\t<div class=\"elementor-column elementor-col-50 elementor-inner-column elementor-element elementor-element-8455db8\" data-id=\"8455db8\" data-element_type=\"column\" data-e-type=\"column\">\n\t\t\t<div class=\"elementor-widget-wrap elementor-element-populated\">\n\t\t\t\t\t\t<div class=\"elementor-element elementor-element-31faadc elementor-widget elementor-widget-image\" data-id=\"31faadc\" data-element_type=\"widget\" data-e-type=\"widget\" data-widget_type=\"image.default\">\n\t\t\t\t\t\t\t\t\t\t\t\t\t\t\t\t<a href=\"http:\/\/www.snepfsu-amiens.net\/amiens\/wp-content\/uploads\/2018\/03\/circulaire_cfp_2018-2019.pdf\" target=\"_blank\">\n\t\t\t\t\t\t\t<img decoding=\"async\" src=\"http:\/\/www.snepfsu-amiens.net\/amiens\/wp-content\/uploads\/2012\/12\/pdf1.png\" title=\"\" alt=\"\" loading=\"lazy\" \/>\t\t\t\t\t\t\t\t<\/a>\n\t\t\t\t\t\t\t\t\t\t\t\t\t\t\t<\/div>\n\t\t\t\t\t<\/div>\n\t\t<\/div>\n\t\t\t\t<div class=\"elementor-column elementor-col-50 elementor-inner-column elementor-element elementor-element-3fef52b\" data-id=\"3fef52b\" data-element_type=\"column\" data-e-type=\"column\">\n\t\t\t<div class=\"elementor-widget-wrap elementor-element-populated\">\n\t\t\t\t\t\t<div class=\"elementor-element elementor-element-c8e15fb elementor-widget elementor-widget-text-editor\" data-id=\"c8e15fb\" data-element_type=\"widget\" data-e-type=\"widget\" data-widget_type=\"text-editor.default\">\n\t\t\t\t\t\t\t\t\t<p>Plus d&rsquo;infos contactez : David Cacheux : david.cacheux@ac-amiens.fr<\/p>\t\t\t\t\t\t\t\t<\/div>\n\t\t\t\t<div class=\"elementor-element elementor-element-096854f elementor-widget elementor-widget-button\" data-id=\"096854f\" data-element_type=\"widget\" data-e-type=\"widget\" data-widget_type=\"button.default\">\n\t\t\t\t\t\t\t\t\t\t<a class=\"elementor-button elementor-button-link elementor-size-sm\" href=\"http:\/\/www.snepfsu-amiens.net\/amiens\/wp-content\/uploads\/2018\/05\/Groupe-de-travail-CFP-Mai-2018.pdf\" target=\"_blank\">\n\t\t\t\t\t\t<span class=\"elementor-button-content-wrapper\">\n\t\t\t\t\t\t\t\t\t<span class=\"elementor-button-text\">lire le compte-rendu <\/span>\n\t\t\t\t\t<\/span>\n\t\t\t\t\t<\/a>\n\t\t\t\t\t\t\t\t<\/div>\n\t\t\t\t\t<\/div>\n\t\t<\/div>\n\t\t\t\t\t<\/div>\n\t\t<\/section>\n\t\t\t\t\t<\/div>\n\t\t<\/div>\n\t\t\t\t<div class=\"elementor-column elementor-col-50 elementor-top-column elementor-element elementor-element-1bfe319\" data-id=\"1bfe319\" data-element_type=\"column\" data-e-type=\"column\">\n\t\t\t<div class=\"elementor-widget-wrap elementor-element-populated\">\n\t\t\t\t\t\t<div class=\"elementor-element elementor-element-47f706c elementor-widget elementor-widget-text-editor\" data-id=\"47f706c\" data-element_type=\"widget\" data-e-type=\"widget\" data-widget_type=\"text-editor.default\">\n\t\t\t\t\t\t\t\t\t<p style=\"text-align: center;\"><span class=\"matmenu\">Postes adapt\u00e9s.<\/span><\/p>\t\t\t\t\t\t\t\t<\/div>\n\t\t\t\t<section class=\"elementor-section elementor-inner-section elementor-element elementor-element-75bfcd4 elementor-section-boxed elementor-section-height-default elementor-section-height-default\" data-id=\"75bfcd4\" data-element_type=\"section\" data-e-type=\"section\">\n\t\t\t\t\t\t<div class=\"elementor-container elementor-column-gap-default\">\n\t\t\t\t\t<div class=\"elementor-column elementor-col-50 elementor-inner-column elementor-element elementor-element-1a36463\" data-id=\"1a36463\" data-element_type=\"column\" data-e-type=\"column\">\n\t\t\t<div class=\"elementor-widget-wrap elementor-element-populated\">\n\t\t\t\t\t\t<div class=\"elementor-element elementor-element-aa1673f elementor-widget elementor-widget-image\" data-id=\"aa1673f\" data-element_type=\"widget\" data-e-type=\"widget\" data-widget_type=\"image.default\">\n\t\t\t\t\t\t\t\t\t\t\t\t\t\t\t\t<a href=\"http:\/\/www.snepfsu-amiens.net\/amiens\/wp-content\/uploads\/2018\/03\/appel_a_candidatures_opera_2018-2019.pdf\" target=\"_blank\">\n\t\t\t\t\t\t\t<img decoding=\"async\" src=\"http:\/\/www.snepfsu-amiens.net\/amiens\/wp-content\/uploads\/2012\/12\/pdf1.png\" title=\"\" alt=\"\" loading=\"lazy\" \/>\t\t\t\t\t\t\t\t<\/a>\n\t\t\t\t\t\t\t\t\t\t\t\t\t\t\t<\/div>\n\t\t\t\t\t<\/div>\n\t\t<\/div>\n\t\t\t\t<div class=\"elementor-column elementor-col-50 elementor-inner-column elementor-element elementor-element-d60a687\" data-id=\"d60a687\" data-element_type=\"column\" data-e-type=\"column\">\n\t\t\t<div class=\"elementor-widget-wrap elementor-element-populated\">\n\t\t\t\t\t\t<div class=\"elementor-element elementor-element-9aaf06e elementor-widget elementor-widget-text-editor\" data-id=\"9aaf06e\" data-element_type=\"widget\" data-e-type=\"widget\" data-widget_type=\"text-editor.default\">\n\t\t\t\t\t\t\t\t\t<p><span style=\"font-family: sourcesanspro-light-webfont, 'sans serif'; font-size: 18px; font-style: normal; font-variant-ligatures: normal; font-variant-caps: normal; font-weight: 400;\">plus d&rsquo;infos contactez : Nicolas Goralczyk : nico.goral@laposte.net<\/span><\/p>\t\t\t\t\t\t\t\t<\/div>\n\t\t\t\t<div class=\"elementor-element elementor-element-1942e8c elementor-widget elementor-widget-button\" data-id=\"1942e8c\" data-element_type=\"widget\" data-e-type=\"widget\" data-widget_type=\"button.default\">\n\t\t\t\t\t\t\t\t\t\t<a class=\"elementor-button elementor-button-link elementor-size-sm\" href=\"http:\/\/www.snepfsu-amiens.net\/amiens\/wp-content\/uploads\/2018\/04\/CR-GT-PA-140318.pdf\" target=\"_blank\">\n\t\t\t\t\t\t<span class=\"elementor-button-content-wrapper\">\n\t\t\t\t\t\t\t\t\t<span class=\"elementor-button-text\">lire le compte-rendu du 14\/03\/18<\/span>\n\t\t\t\t\t<\/span>\n\t\t\t\t\t<\/a>\n\t\t\t\t\t\t\t\t<\/div>\n\t\t\t\t\t<\/div>\n\t\t<\/div>\n\t\t\t\t\t<\/div>\n\t\t<\/section>\n\t\t\t\t\t<\/div>\n\t\t<\/div>\n\t\t\t\t\t<\/div>\n\t\t<\/section>\n\t\t\t\t<\/div>\n\t\t","protected":false},"excerpt":{"rendered":"<p>Cette page regroupe les informations concernant les dossiers de carri\u00e8re sur les cong\u00e9s de formation et les postes adapt\u00e9s. Ils<\/p>\n","protected":false},"author":1,"featured_media":0,"parent":0,"menu_order":0,"comment_status":"closed","ping_status":"closed","template":"","meta":{"colormag_page_container_layout":"default_layout","colormag_page_sidebar_layout":"default_layout","footnotes":""},"class_list":["post-3168","page","type-page","status-publish","hentry"],"_links":{"self":[{"href":"https:\/\/snepfsu-amiens.net\/index.php\/wp-json\/wp\/v2\/pages\/3168","targetHints":{"allow":["GET"]}}],"collection":[{"href":"https:\/\/snepfsu-amiens.net\/index.php\/wp-json\/wp\/v2\/pages"}],"about":[{"href":"https:\/\/snepfsu-amiens.net\/index.php\/wp-json\/wp\/v2\/types\/page"}],"author":[{"embeddable":true,"href":"https:\/\/snepfsu-amiens.net\/index.php\/wp-json\/wp\/v2\/users\/1"}],"replies":[{"embeddable":true,"href":"https:\/\/snepfsu-amiens.net\/index.php\/wp-json\/wp\/v2\/comments?post=3168"}],"version-history":[{"count":0,"href":"https:\/\/snepfsu-amiens.net\/index.php\/wp-json\/wp\/v2\/pages\/3168\/revisions"}],"wp:attachment":[{"href":"https:\/\/snepfsu-amiens.net\/index.php\/wp-json\/wp\/v2\/media?parent=3168"}],"curies":[{"name":"wp","href":"https:\/\/api.w.org\/{rel}","templated":true}]}}

congés de formation &#8211; postes adaptés

<div data-elementor-type="wp-page" data-elementor-id="3168" class="elementor elementor-3168 elementor-bc-flex-widget">
						<section class="elementor-section elementor-top-section elementor-element elementor-element-7630690 elementor-section-boxed elementor-section-height-default elementor-section-height-default" data-id="7630690" data-element_type="section" data-e-type="section">
						<div class="elementor-container elementor-column-gap-default">
					<div class="elementor-column elementor-col-100 elementor-top-column elementor-element elementor-element-94140d3" data-id="94140d3" data-element_type="column" data-e-type="column">
			<div class="elementor-widget-wrap elementor-element-populated">
						<div class="elementor-element elementor-element-c0f6e80 elementor-widget elementor-widget-text-editor" data-id="c0f6e80" data-element_type="widget" data-e-type="widget" data-widget_type="text-editor.default">
									<p>Cette page regroupe les informations concernant les dossiers de carrière sur les congés de formation et les postes adaptés. Ils sont gérés au rectorat lors de groupes de travail auxquels les commissaires paritaires du Snep siègent, défendent les collègues et font respecter les règles dictées par des circulaires académiques. Ils informent également la profession à l&rsquo;issue à l&rsquo;issue de ces GT &#8230; Bonne lecture</p>								</div>
					</div>
		</div>
					</div>
		</section>
				<section class="elementor-section elementor-top-section elementor-element elementor-element-e321726 elementor-section-boxed elementor-section-height-default elementor-section-height-default" data-id="e321726" data-element_type="section" data-e-type="section">
						<div class="elementor-container elementor-column-gap-default">
					<div class="elementor-column elementor-col-50 elementor-top-column elementor-element elementor-element-568c54e" data-id="568c54e" data-element_type="column" data-e-type="column">
			<div class="elementor-widget-wrap elementor-element-populated">
						<div class="elementor-element elementor-element-fe4b4f3 elementor-widget elementor-widget-text-editor" data-id="fe4b4f3" data-element_type="widget" data-e-type="widget" data-widget_type="text-editor.default">
									<p style="text-align: center;"><span class="matmenu">Congés de formation</span></p>								</div>
				<section class="elementor-section elementor-inner-section elementor-element elementor-element-a44ebb6 elementor-section-boxed elementor-section-height-default elementor-section-height-default" data-id="a44ebb6" data-element_type="section" data-e-type="section">
						<div class="elementor-container elementor-column-gap-default">
					<div class="elementor-column elementor-col-50 elementor-inner-column elementor-element elementor-element-8455db8" data-id="8455db8" data-element_type="column" data-e-type="column">
			<div class="elementor-widget-wrap elementor-element-populated">
						<div class="elementor-element elementor-element-31faadc elementor-widget elementor-widget-image" data-id="31faadc" data-element_type="widget" data-e-type="widget" data-widget_type="image.default">
																<a href="http://www.snepfsu-amiens.net/amiens/wp-content/uploads/2018/03/circulaire_cfp_2018-2019.pdf" target="_blank">
							<img decoding="async" src="http://www.snepfsu-amiens.net/amiens/wp-content/uploads/2012/12/pdf1.png" title="" alt="" loading="lazy" />								</a>
															</div>
					</div>
		</div>
				<div class="elementor-column elementor-col-50 elementor-inner-column elementor-element elementor-element-3fef52b" data-id="3fef52b" data-element_type="column" data-e-type="column">
			<div class="elementor-widget-wrap elementor-element-populated">
						<div class="elementor-element elementor-element-c8e15fb elementor-widget elementor-widget-text-editor" data-id="c8e15fb" data-element_type="widget" data-e-type="widget" data-widget_type="text-editor.default">
									<p>Plus d&rsquo;infos contactez : David Cacheux : david.cacheux@ac-amiens.fr</p>								</div>
				<div class="elementor-element elementor-element-096854f elementor-widget elementor-widget-button" data-id="096854f" data-element_type="widget" data-e-type="widget" data-widget_type="button.default">
										<a class="elementor-button elementor-button-link elementor-size-sm" href="http://www.snepfsu-amiens.net/amiens/wp-content/uploads/2018/05/Groupe-de-travail-CFP-Mai-2018.pdf" target="_blank">
						<span class="elementor-button-content-wrapper">
									<span class="elementor-button-text">lire le compte-rendu </span>
					</span>
					</a>
								</div>
					</div>
		</div>
					</div>
		</section>
					</div>
		</div>
				<div class="elementor-column elementor-col-50 elementor-top-column elementor-element elementor-element-1bfe319" data-id="1bfe319" data-element_type="column" data-e-type="column">
			<div class="elementor-widget-wrap elementor-element-populated">
						<div class="elementor-element elementor-element-47f706c elementor-widget elementor-widget-text-editor" data-id="47f706c" data-element_type="widget" data-e-type="widget" data-widget_type="text-editor.default">
									<p style="text-align: center;"><span class="matmenu">Postes adaptés.</span></p>								</div>
				<section class="elementor-section elementor-inner-section elementor-element elementor-element-75bfcd4 elementor-section-boxed elementor-section-height-default elementor-section-height-default" data-id="75bfcd4" data-element_type="section" data-e-type="section">
						<div class="elementor-container elementor-column-gap-default">
					<div class="elementor-column elementor-col-50 elementor-inner-column elementor-element elementor-element-1a36463" data-id="1a36463" data-element_type="column" data-e-type="column">
			<div class="elementor-widget-wrap elementor-element-populated">
						<div class="elementor-element elementor-element-aa1673f elementor-widget elementor-widget-image" data-id="aa1673f" data-element_type="widget" data-e-type="widget" data-widget_type="image.default">
																<a href="http://www.snepfsu-amiens.net/amiens/wp-content/uploads/2018/03/appel_a_candidatures_opera_2018-2019.pdf" target="_blank">
							<img decoding="async" src="http://www.snepfsu-amiens.net/amiens/wp-content/uploads/2012/12/pdf1.png" title="" alt="" loading="lazy" />								</a>
															</div>
					</div>
		</div>
				<div class="elementor-column elementor-col-50 elementor-inner-column elementor-element elementor-element-d60a687" data-id="d60a687" data-element_type="column" data-e-type="column">
			<div class="elementor-widget-wrap elementor-element-populated">
						<div class="elementor-element elementor-element-9aaf06e elementor-widget elementor-widget-text-editor" data-id="9aaf06e" data-element_type="widget" data-e-type="widget" data-widget_type="text-editor.default">
									<p><span style="font-family: sourcesanspro-light-webfont, 'sans serif'; font-size: 18px; font-style: normal; font-variant-ligatures: normal; font-variant-caps: normal; font-weight: 400;">plus d&rsquo;infos contactez : Nicolas Goralczyk : nico.goral@laposte.net</span></p>								</div>
				<div class="elementor-element elementor-element-1942e8c elementor-widget elementor-widget-button" data-id="1942e8c" data-element_type="widget" data-e-type="widget" data-widget_type="button.default">
										<a class="elementor-button elementor-button-link elementor-size-sm" href="http://www.snepfsu-amiens.net/amiens/wp-content/uploads/2018/04/CR-GT-PA-140318.pdf" target="_blank">
						<span class="elementor-button-content-wrapper">
									<span class="elementor-button-text">lire le compte-rendu du 14/03/18</span>
					</span>
					</a>
								</div>
					</div>
		</div>
					</div>
		</section>
					</div>
		</div>
					</div>
		</section>
				</div>

<p>Cette page regroupe les informations concernant les dossiers de carrière sur les congés de formation et les postes adaptés. Ils</p>
