{"id":3073,"date":"2018-02-09T17:39:35","date_gmt":"2018-02-09T16:39:35","guid":{"rendered":"http:\/\/www.snepfsu-amiens.net\/amiens\/?page_id=3073"},"modified":"2018-02-09T17:39:35","modified_gmt":"2018-02-09T16:39:35","slug":"elections-professionnelles","status":"publish","type":"page","link":"https:\/\/snepfsu-amiens.net\/index.php\/elections-professionnelles\/","title":{"rendered":"Elections professionnelles"},"content":{"rendered":"<p class=\"titre\" align=\"center\">Avec <span style=\"font-size: 20px;\"><strong>81,97%,<\/strong><\/span> le SNEP-FSU toujours pl\u00e9biscit\u00e9 par la profession au plan national !<\/p>\n<p class=\"texte\">Les enseignants d\u2019EPS ont confirm\u00e9 largement leur attachement et leur adh\u00e9sion au syndicalisme d\u2019action et de propositions que repr\u00e9sente le SNEP-FSU. Avec pr\u00e8s de 82% des voix, celui-ci reste la seule force r\u00e9ellement repr\u00e9sentative de la profession.<\/p>\n<p class=\"texte\">Le minist\u00e8re avait modifi\u00e9 le nombre de commissaires paritaires en EPS, en le passant de 7 \u00e0 9, alors que rien ne le justifiait puisque le nombre d\u2019\u00e9lecteurs \u00e9tait en baisse ; cela dans le but \u00e9vident de favoriser l\u2019entr\u00e9e d\u2019autres forces syndicales dans les Commissions Paritaires (CAP). Le SNEP-FSU gagne un de ces deux si\u00e8ges suppl\u00e9mentaires \u00e0 la CAP Nationale.<\/p>\n<p class=\"texte\">Pour la CAP Acad\u00e9mique d&rsquo;Amiens des Professeurs et Charg\u00e9 d\u2019enseignement en EPS, c\u2019est le carton plein avec la totalit\u00e9 des si\u00e8ges qui reviennent au SNEP-FSU.<\/p>\n<p>&nbsp;<\/p>\n<p>Les prochaines \u00e9lections professionnelles auront lieu fin 2018.<\/p>\n","protected":false},"excerpt":{"rendered":"<p>Avec 81,97%, le SNEP-FSU toujours pl\u00e9biscit\u00e9 par la profession au plan national ! Les enseignants d\u2019EPS ont confirm\u00e9 largement leur<\/p>\n","protected":false},"author":1,"featured_media":0,"parent":0,"menu_order":0,"comment_status":"closed","ping_status":"closed","template":"","meta":{"colormag_page_container_layout":"default_layout","colormag_page_sidebar_layout":"default_layout","footnotes":""},"class_list":["post-3073","page","type-page","status-publish","hentry"],"_links":{"self":[{"href":"https:\/\/snepfsu-amiens.net\/index.php\/wp-json\/wp\/v2\/pages\/3073","targetHints":{"allow":["GET"]}}],"collection":[{"href":"https:\/\/snepfsu-amiens.net\/index.php\/wp-json\/wp\/v2\/pages"}],"about":[{"href":"https:\/\/snepfsu-amiens.net\/index.php\/wp-json\/wp\/v2\/types\/page"}],"author":[{"embeddable":true,"href":"https:\/\/snepfsu-amiens.net\/index.php\/wp-json\/wp\/v2\/users\/1"}],"replies":[{"embeddable":true,"href":"https:\/\/snepfsu-amiens.net\/index.php\/wp-json\/wp\/v2\/comments?post=3073"}],"version-history":[{"count":0,"href":"https:\/\/snepfsu-amiens.net\/index.php\/wp-json\/wp\/v2\/pages\/3073\/revisions"}],"wp:attachment":[{"href":"https:\/\/snepfsu-amiens.net\/index.php\/wp-json\/wp\/v2\/media?parent=3073"}],"curies":[{"name":"wp","href":"https:\/\/api.w.org\/{rel}","templated":true}]}}

<p class="titre" align="center">Avec <span style="font-size: 20px;"><strong>81,97%,</strong></span> le SNEP-FSU toujours plébiscité par la profession au plan national !</p>
<p class="texte">Les enseignants d’EPS ont confirmé largement leur attachement et leur adhésion au syndicalisme d’action et de propositions que représente le SNEP-FSU. Avec près de 82% des voix, celui-ci reste la seule force réellement représentative de la profession.</p>
<p class="texte">Le ministère avait modifié le nombre de commissaires paritaires en EPS, en le passant de 7 à 9, alors que rien ne le justifiait puisque le nombre d’électeurs était en baisse ; cela dans le but évident de favoriser l’entrée d’autres forces syndicales dans les Commissions Paritaires (CAP). Le SNEP-FSU gagne un de ces deux sièges supplémentaires à la CAP Nationale.</p>
<p class="texte">Pour la CAP Académique d&rsquo;Amiens des Professeurs et Chargé d’enseignement en EPS, c’est le carton plein avec la totalité des sièges qui reviennent au SNEP-FSU.</p>
<p>&nbsp;</p>
<p>Les prochaines élections professionnelles auront lieu fin 2018.</p>

<p>Avec 81,97%, le SNEP-FSU toujours plébiscité par la profession au plan national ! Les enseignants d’EPS ont confirmé largement leur</p>
